Last updated on 2023-12-08 09:52:06 CET.
Flavor | Version | Tinstall | Tcheck | Ttotal | Status | Flags |
---|---|---|---|---|---|---|
r-devel-linux-x86_64-debian-clang | 1.9.0 | 125.46 | 269.90 | 395.36 | OK | |
r-devel-linux-x86_64-debian-gcc | 1.9.0 | 81.58 | 191.51 | 273.09 | OK | |
r-devel-linux-x86_64-fedora-clang | 1.9.0 | 517.29 | OK | |||
r-devel-linux-x86_64-fedora-gcc | 1.9.0 | 519.19 | OK | |||
r-devel-windows-x86_64 | 1.9.0 | 85.00 | 299.00 | 384.00 | OK | |
r-patched-linux-x86_64 | 1.9.0 | 92.49 | 233.74 | 326.23 | OK | |
r-release-linux-x86_64 | 1.9.0 | 100.56 | 267.86 | 368.42 | OK | |
r-release-macos-arm64 | 1.9.0 | 116.00 | NOTE | |||
r-release-macos-x86_64 | 1.9.0 | 358.00 | NOTE | |||
r-release-windows-x86_64 | 1.9.0 | 111.00 | 414.00 | 525.00 | OK | |
r-oldrel-macos-arm64 | 1.9.0 | 119.00 | NOTE | |||
r-oldrel-macos-x86_64 | 1.9.0 | 190.00 | NOTE | |||
r-oldrel-windows-x86_64 | 1.9.0 | 103.00 | 413.00 | 516.00 | OK |
Version: 1.9.0
Check: installed package size
Result: NOTE
installed size is 7.8Mb
sub-directories of 1Mb or more:
doc 1.7Mb
libs 5.8Mb
Flavors: r-release-macos-arm64, r-release-macos-x86_64, r-oldrel-macos-arm64, r-oldrel-macos-x86_64