CRAN Package Check Results for Package ACMEeqtl

Last updated on 2018-02-25 03:54:43 CET.

Flavor Version Tinstall Tcheck Ttotal Status Flags
r-release-osx-x86_64 1.5 NOTE
r-oldrel-osx-x86_64 1.4 OK

Check Details

Version: 1.5
Check: package dependencies
Result: NOTE
    Package suggested but not available for checking: ‘BiocStyle’
Flavor: r-release-osx-x86_64