CRAN Package Check Results for Package ACSNMineR

Last updated on 2018-05-22 11:47:10 CEST.

Flavor Version Tinstall Tcheck Ttotal Status Flags
r-devel-linux-x86_64-debian-clang 0.16.8.25 2.32 33.57 35.89 OK
r-devel-linux-x86_64-debian-gcc 0.16.8.25 2.09 30.53 32.62 OK
r-devel-linux-x86_64-fedora-clang 0.16.8.25 53.24 OK
r-devel-linux-x86_64-fedora-gcc 0.16.8.25 52.63 OK
r-devel-windows-ix86+x86_64 0.16.8.25 5.00 58.00 63.00 OK
r-patched-linux-x86_64 0.16.8.25 1.99 35.79 37.78 OK
r-patched-solaris-x86 0.16.8.25 70.20 OK
r-release-linux-x86_64 0.16.8.25 2.49 31.70 34.19 OK
r-release-windows-ix86+x86_64 0.16.8.25 11.00 79.00 90.00 OK
r-release-osx-x86_64 0.16.8.25 OK
r-oldrel-windows-ix86+x86_64 0.16.8.25 9.00 85.00 94.00 OK
r-oldrel-osx-x86_64 0.16.8.25 WARN

Check Details

Version: 0.16.8.25
Check: re-building of vignette outputs
Result: WARN
    Error in re-building vignettes:
     ...
    Warning in engine$weave(file, quiet = quiet, encoding = enc) :
     Pandoc (>= 1.12.3) and/or pandoc-citeproc not available. Falling back to R Markdown v1.
    Quitting from lines 70-71 (ACSN-vignette.Rmd)
    Error: processing vignette 'ACSN-vignette.Rmd' failed with diagnostics:
    the table must have a header (column names)
    Execution halted
Flavor: r-oldrel-osx-x86_64