CRAN Package Check Results for Package ACSNMineR

Last updated on 2018-02-24 01:47:46 CET.

Flavor Version Tinstall Tcheck Ttotal Status Flags
r-devel-linux-x86_64-debian-clang 0.16.8.25 2.88 36.34 39.22 OK
r-devel-linux-x86_64-debian-gcc 0.16.8.25 1.84 26.56 28.40 OK
r-devel-linux-x86_64-fedora-clang 0.16.8.25 52.34 OK
r-devel-linux-x86_64-fedora-gcc 0.16.8.25 51.47 OK
r-devel-windows-ix86+x86_64 0.16.8.25 7.00 69.00 76.00 OK
r-patched-linux-x86_64 0.16.8.25 1.50 43.78 45.28 OK
r-patched-solaris-x86 0.16.8.25 70.60 OK
r-release-linux-x86_64 0.16.8.25 1.26 44.43 45.69 OK
r-release-windows-ix86+x86_64 0.16.8.25 10.00 93.00 103.00 OK
r-release-osx-x86_64 0.16.8.25 WARN
r-oldrel-windows-ix86+x86_64 0.16.8.25 4.00 48.00 52.00 OK
r-oldrel-osx-x86_64 0.16.8.25 WARN

Check Details

Version: 0.16.8.25
Check: re-building of vignette outputs
Result: WARN
    Error in re-building vignettes:
     ...
    Warning in engine$weave(file, quiet = quiet, encoding = enc) :
     Pandoc (>= 1.12.3) and/or pandoc-citeproc not available. Falling back to R Markdown v1.
    Quitting from lines 70-71 (ACSN-vignette.Rmd)
    Error: processing vignette 'ACSN-vignette.Rmd' failed with diagnostics:
    the table must have a header (column names)
    Execution halted
Flavor: r-release-osx-x86_64

Version: 0.16.8.25
Check: re-building of vignette outputs
Result: WARN
    Error in re-building vignettes:
     ...
    Warning: It seems you should call rmarkdown::render() instead of knitr::knit2html() because ACSN-vignette.Rmd appears to be an R Markdown v2 document.
    Quitting from lines 70-71 (ACSN-vignette.Rmd)
    Error: processing vignette 'ACSN-vignette.Rmd' failed with diagnostics:
    the table must have a header (column names)
    Execution halted
Flavor: r-oldrel-osx-x86_64