CRAN Package Check Results for Package ACSNMineR

Last updated on 2018-11-20 19:47:33 CET.

Flavor Version Tinstall Tcheck Ttotal Status Flags
r-devel-linux-x86_64-debian-clang 0.16.8.25 2.53 42.21 44.74 OK
r-devel-linux-x86_64-debian-gcc 0.16.8.25 2.43 33.47 35.90 OK
r-devel-linux-x86_64-fedora-clang 0.16.8.25 54.35 OK
r-devel-linux-x86_64-fedora-gcc 0.16.8.25 58.27 OK
r-devel-windows-ix86+x86_64 0.16.8.25 9.00 82.00 91.00 OK
r-patched-linux-x86_64 0.16.8.25 2.23 39.38 41.61 OK
r-patched-solaris-x86 0.16.8.25 76.50 OK
r-release-linux-x86_64 0.16.8.25 1.97 40.01 41.98 OK
r-release-windows-ix86+x86_64 0.16.8.25 7.00 82.00 89.00 OK
r-release-osx-x86_64 0.16.8.25 OK
r-oldrel-windows-ix86+x86_64 0.16.8.25 9.00 69.00 78.00 OK
r-oldrel-osx-x86_64 0.16.8.25 WARN

Check Details

Version: 0.16.8.25
Check: re-building of vignette outputs
Result: WARN
    Error in re-building vignettes:
     ...
    Warning in engine$weave(file, quiet = quiet, encoding = enc) :
     Pandoc (>= 1.12.3) and/or pandoc-citeproc not available. Falling back to R Markdown v1.
    Quitting from lines 70-71 (ACSN-vignette.Rmd)
    Error: processing vignette 'ACSN-vignette.Rmd' failed with diagnostics:
    the table must have a header (column names)
    Execution halted
Flavor: r-oldrel-osx-x86_64