CRAN Package Check Results for Package ACSNMineR

Last updated on 2019-02-16 19:47:14 CET.

Flavor Version Tinstall Tcheck Ttotal Status Flags
r-devel-linux-x86_64-debian-clang 0.16.8.25 3.06 44.81 47.87 OK
r-devel-linux-x86_64-debian-gcc 0.16.8.25 2.70 35.32 38.02 OK
r-devel-linux-x86_64-fedora-clang 0.16.8.25 67.81 OK
r-devel-linux-x86_64-fedora-gcc 0.16.8.25 55.36 OK
r-devel-windows-ix86+x86_64 0.16.8.25 11.00 96.00 107.00 WARN
r-patched-linux-x86_64 0.16.8.25 2.95 40.63 43.58 OK
r-patched-solaris-x86 0.16.8.25 78.20 OK
r-release-linux-x86_64 0.16.8.25 OK
r-release-windows-ix86+x86_64 0.16.8.25 6.00 54.00 60.00 WARN
r-release-osx-x86_64 0.16.8.25 OK
r-oldrel-windows-ix86+x86_64 0.16.8.25 12.00 105.00 117.00 WARN
r-oldrel-osx-x86_64 0.16.8.25 WARN

Check Details

Version: 0.16.8.25
Check: whether package can be installed
Result: WARN
    Found the following significant warnings:
     Warning: S3 methods '[.fun_list', '[.grouped_df', 'all.equal.tbl_df', 'anti_join.data.frame', 'anti_join.tbl_df', 'arrange.data.frame', 'arrange.default', 'arrange.grouped_df', 'arrange.tbl_df', 'arrange_.data.frame', 'arrange_.tbl_df', 'as.data.frame.grouped_df', 'as.data.frame.rowwise_df', 'as.data.frame.tbl_cube', 'as.table.tbl_cube', 'as.tbl.data.frame', 'as.tbl.tbl', 'as.tbl_cube.array', 'as.tbl_cube.data.frame', 'as.tbl_cube.matrix', 'as.tbl_cube.table', 'as_tibble.grouped_df', 'as_tibble.tbl_cube', 'auto_copy.tbl_cube', 'auto_copy.tbl_df', 'cbind.grouped_df', 'collapse.data.frame', 'collect.data.frame', 'common_by.NULL', 'common_by.character', 'common_by.default', 'common_by.list', 'compute.data.frame', 'copy_to.DBIConnection', 'copy_to.src_local', 'default_missing.data.frame', 'default_missing.default', 'dim.tbl_cube', 'distinct.data.frame', 'distinct.default', 'distinct.grouped_df', 'distinct.tbl_df', 'distinct_.data.frame', 'distinct_.grouped_df', 'distinct_.tbl_df', 'do.NULL', 'do.da [... truncated]
Flavors: r-devel-windows-ix86+x86_64, r-release-windows-ix86+x86_64, r-oldrel-windows-ix86+x86_64

Version: 0.16.8.25
Check: re-building of vignette outputs
Result: WARN
    Error in re-building vignettes:
     ...
    Warning in engine$weave(file, quiet = quiet, encoding = enc) :
     Pandoc (>= 1.12.3) and/or pandoc-citeproc not available. Falling back to R Markdown v1.
    Quitting from lines 70-71 (ACSN-vignette.Rmd)
    Error: processing vignette 'ACSN-vignette.Rmd' failed with diagnostics:
    the table must have a header (column names)
    Execution halted
Flavor: r-oldrel-osx-x86_64