CRAN Package Check Results for Package ACSNMineR

Last updated on 2018-08-21 20:46:17 CEST.

Flavor Version Tinstall Tcheck Ttotal Status Flags
r-devel-linux-x86_64-debian-clang 0.16.8.25 2.90 40.83 43.73 OK
r-devel-linux-x86_64-debian-gcc 0.16.8.25 2.48 35.08 37.56 OK
r-devel-linux-x86_64-fedora-clang 0.16.8.25 58.55 OK
r-devel-linux-x86_64-fedora-gcc 0.16.8.25 63.26 OK
r-devel-windows-ix86+x86_64 0.16.8.25 12.00 90.00 102.00 OK
r-patched-linux-x86_64 0.16.8.25 3.04 39.49 42.53 OK
r-patched-solaris-x86 0.16.8.25 77.30 OK
r-release-linux-x86_64 0.16.8.25 2.40 39.30 41.70 OK
r-release-windows-ix86+x86_64 0.16.8.25 10.00 57.00 67.00 OK
r-release-osx-x86_64 0.16.8.25 OK
r-oldrel-windows-ix86+x86_64 0.16.8.25 5.00 69.00 74.00 OK
r-oldrel-osx-x86_64 0.16.8.25 WARN

Check Details

Version: 0.16.8.25
Check: re-building of vignette outputs
Result: WARN
    Error in re-building vignettes:
     ...
    Warning in engine$weave(file, quiet = quiet, encoding = enc) :
     Pandoc (>= 1.12.3) and/or pandoc-citeproc not available. Falling back to R Markdown v1.
    Quitting from lines 70-71 (ACSN-vignette.Rmd)
    Error: processing vignette 'ACSN-vignette.Rmd' failed with diagnostics:
    the table must have a header (column names)
    Execution halted
Flavor: r-oldrel-osx-x86_64