CRAN Package Check Results for Package ADAPTS

Last updated on 2019-09-19 13:46:04 CEST.

Flavor Version Tinstall Tcheck Ttotal Status Flags
r-devel-linux-x86_64-debian-clang 0.9.21 3.32 69.96 73.28 OK
r-devel-linux-x86_64-debian-gcc 0.9.21 2.76 54.23 56.99 OK
r-devel-linux-x86_64-fedora-clang 0.9.21 95.81 OK
r-devel-linux-x86_64-fedora-gcc 0.9.21 90.93 OK
r-devel-windows-ix86+x86_64 0.9.21 21.00 86.00 107.00 OK
r-patched-linux-x86_64 0.9.21 3.31 69.28 72.59 OK
r-patched-solaris-x86 0.9.21 121.80 OK
r-release-linux-x86_64 0.9.21 3.51 69.77 73.28 OK
r-release-windows-ix86+x86_64 0.9.21 8.00 91.00 99.00 OK
r-release-osx-x86_64 0.9.21 ERROR
r-oldrel-windows-ix86+x86_64 0.9.21 5.00 79.00 84.00 OK
r-oldrel-osx-x86_64 0.9.21 ERROR

Check Details

Version: 0.9.21
Check: package dependencies
Result: ERROR
    Packages required but not available:
     'WGCNA', 'preprocessCore', 'pcaMethods', 'DeconRNASeq'
    
    See section ‘The DESCRIPTION file’ in the ‘Writing R Extensions’
    manual.
Flavor: r-release-osx-x86_64

Version: 0.9.21
Check: package dependencies
Result: ERROR
    Package required but not available: ‘DeconRNASeq’
    
    See section ‘The DESCRIPTION file’ in the ‘Writing R Extensions’
    manual.
Flavor: r-oldrel-osx-x86_64