CRAN Package Check Results for Package ADAPTS

Last updated on 2020-02-27 17:50:48 CET.

Flavor Version Tinstall Tcheck Ttotal Status Flags
r-devel-linux-x86_64-debian-clang 0.9.26 4.55 78.39 82.94 OK
r-devel-linux-x86_64-debian-gcc 0.9.26 3.55 59.28 62.83 OK
r-devel-linux-x86_64-fedora-clang 0.9.26 104.70 OK
r-devel-linux-x86_64-fedora-gcc 0.9.26 97.17 OK
r-devel-windows-ix86+x86_64 0.9.26 12.00 90.00 102.00 OK
r-devel-windows-ix86+x86_64-gcc8 0.9.26 13.00 97.00 110.00 OK
r-patched-linux-x86_64 0.9.26 3.66 70.16 73.82 OK
r-patched-solaris-x86 0.9.26 120.30 OK
r-release-linux-x86_64 0.9.26 3.54 70.20 73.74 OK
r-release-windows-ix86+x86_64 0.9.26 10.00 92.00 102.00 OK
r-release-osx-x86_64 0.9.26 ERROR
r-oldrel-windows-ix86+x86_64 0.9.26 7.00 77.00 84.00 OK
r-oldrel-osx-x86_64 0.9.26 ERROR

Check Details

Version: 0.9.26
Check: package dependencies
Result: ERROR
    Packages required but not available: 'WGCNA', 'DeconRNASeq'
    
    See section ‘The DESCRIPTION file’ in the ‘Writing R Extensions’
    manual.
Flavor: r-release-osx-x86_64

Version: 0.9.26
Check: package dependencies
Result: ERROR
    Package required but not available: ‘DeconRNASeq’
    
    See section ‘The DESCRIPTION file’ in the ‘Writing R Extensions’
    manual.
Flavor: r-oldrel-osx-x86_64