CRAN Package Check Results for Package ADGofTest

Last updated on 2021-06-24 00:48:35 CEST.

Flavor Version Tinstall Tcheck Ttotal Status Flags
r-devel-linux-x86_64-debian-clang 0.3 1.84 12.66 14.50 NOTE
r-devel-linux-x86_64-debian-gcc 0.3 1.48 14.90 16.38 NOTE
r-devel-linux-x86_64-fedora-clang 0.3 34.25 NOTE
r-devel-linux-x86_64-fedora-gcc 0.3 19.93 NOTE
r-devel-windows-x86_64 0.3 4.00 30.00 34.00 NOTE
r-devel-windows-x86_64-gcc10-UCRT 0.3 NOTE
r-patched-linux-x86_64 0.3 1.88 12.10 13.98 NOTE
r-patched-solaris-x86 0.3 39.40 NOTE
r-release-linux-x86_64 0.3 1.55 11.56 13.11 NOTE
r-release-macos-arm64 0.3 NOTE
r-release-macos-x86_64 0.3 NOTE
r-release-windows-ix86+x86_64 0.3 4.00 23.00 27.00 NOTE
r-oldrel-macos-x86_64 0.3 NOTE
r-oldrel-windows-ix86+x86_64 0.3 4.00 30.00 34.00 NOTE

Check Details

Version: 0.3
Check: DESCRIPTION meta-information
Result: NOTE
    Malformed Description field: should contain one or more complete sentences.
Flavors: r-devel-linux-x86_64-debian-clang, r-devel-linux-x86_64-debian-gcc, r-devel-linux-x86_64-fedora-clang, r-devel-linux-x86_64-fedora-gcc, r-devel-windows-x86_64, r-devel-windows-x86_64-gcc10-UCRT, r-patched-linux-x86_64, r-patched-solaris-x86, r-release-linux-x86_64, r-release-macos-arm64, r-release-macos-x86_64, r-release-windows-ix86+x86_64, r-oldrel-macos-x86_64, r-oldrel-windows-ix86+x86_64