CRAN Package Check Results for Package ADMM

Last updated on 2019-09-20 05:46:48 CEST.

Flavor Version Tinstall Tcheck Ttotal Status Flags
r-devel-linux-x86_64-debian-clang 0.3.1 138.74 56.95 195.69 OK
r-devel-linux-x86_64-debian-gcc 0.3.1 117.12 45.68 162.80 OK
r-devel-linux-x86_64-fedora-clang 0.3.1 313.56 NOTE
r-devel-linux-x86_64-fedora-gcc 0.3.1 295.20 OK
r-devel-windows-ix86+x86_64 0.3.1 402.00 152.00 554.00 OK
r-patched-linux-x86_64 0.3.1 125.38 55.82 181.20 OK
r-patched-solaris-x86 0.3.1 286.50 OK
r-release-linux-x86_64 0.3.1 130.56 56.54 187.10 OK
r-release-windows-ix86+x86_64 0.3.1 294.00 96.00 390.00 OK
r-release-osx-x86_64 0.3.1 NOTE
r-oldrel-windows-ix86+x86_64 0.3.1 264.00 95.00 359.00 OK
r-oldrel-osx-x86_64 0.3.1 NOTE

Check Details

Version: 0.3.1
Check: installed package size
Result: NOTE
     installed size is 8.0Mb
     sub-directories of 1Mb or more:
     libs 7.9Mb
Flavors: r-devel-linux-x86_64-fedora-clang, r-release-osx-x86_64, r-oldrel-osx-x86_64