CRAN Package Check Results for Package ADMM

Last updated on 2020-02-27 17:50:48 CET.

Flavor Version Tinstall Tcheck Ttotal Status Flags
r-devel-linux-x86_64-debian-clang 0.3.1 170.30 63.18 233.48 OK
r-devel-linux-x86_64-debian-gcc 0.3.1 119.13 50.20 169.33 OK
r-devel-linux-x86_64-fedora-clang 0.3.1 326.64 NOTE
r-devel-linux-x86_64-fedora-gcc 0.3.1 301.90 OK
r-devel-windows-ix86+x86_64 0.3.1 285.00 107.00 392.00 OK
r-devel-windows-ix86+x86_64-gcc8 0.3.1 312.00 109.00 421.00 OK
r-patched-linux-x86_64 0.3.1 143.33 57.15 200.48 OK
r-patched-solaris-x86 0.3.1 277.80 OK
r-release-linux-x86_64 0.3.1 132.29 56.82 189.11 OK
r-release-windows-ix86+x86_64 0.3.1 280.00 105.00 385.00 OK
r-release-osx-x86_64 0.3.1 NOTE
r-oldrel-windows-ix86+x86_64 0.3.1 275.00 101.00 376.00 OK
r-oldrel-osx-x86_64 0.3.1 NOTE

Check Details

Version: 0.3.1
Check: installed package size
Result: NOTE
     installed size is 8.3Mb
     sub-directories of 1Mb or more:
     libs 8.2Mb
Flavors: r-devel-linux-x86_64-fedora-clang, r-release-osx-x86_64, r-oldrel-osx-x86_64