CRAN Package Check Results for Package ADPclust

Last updated on 2018-11-18 21:47:13 CET.

Flavor Version Tinstall Tcheck Ttotal Status Flags
r-devel-linux-x86_64-debian-clang 0.7 1.93 55.87 57.80 OK
r-devel-linux-x86_64-debian-gcc 0.7 1.65 42.03 43.68 OK
r-devel-linux-x86_64-fedora-clang 0.7 71.90 NOTE
r-devel-linux-x86_64-fedora-gcc 0.7 76.15 NOTE
r-devel-windows-ix86+x86_64 0.7 5.00 99.00 104.00 OK
r-patched-linux-x86_64 0.7 1.87 54.96 56.83 OK
r-patched-solaris-x86 0.7 118.00 NOTE
r-release-linux-x86_64 0.7 1.51 54.13 55.64 OK
r-release-windows-ix86+x86_64 0.7 8.00 98.00 106.00 OK
r-release-osx-x86_64 0.7 NOTE
r-oldrel-windows-ix86+x86_64 0.7 4.00 86.00 90.00 OK
r-oldrel-osx-x86_64 0.7 NOTE

Check Details

Version: 0.7
Check: dependencies in R code
Result: NOTE
    Namespaces in Imports field not imported from:
     ‘fields’ ‘knitr’
     All declared Imports should be used.
Flavors: r-devel-linux-x86_64-fedora-clang, r-devel-linux-x86_64-fedora-gcc, r-patched-solaris-x86, r-release-osx-x86_64, r-oldrel-osx-x86_64