CRAN Package Check Results for Package ADPclust

Last updated on 2018-05-21 15:46:24 CEST.

Flavor Version Tinstall Tcheck Ttotal Status Flags
r-devel-linux-x86_64-debian-clang 0.7 1.40 50.87 52.27 OK
r-devel-linux-x86_64-debian-gcc 0.7 1.58 43.31 44.89 OK
r-devel-linux-x86_64-fedora-clang 0.7 72.81 NOTE
r-devel-linux-x86_64-fedora-gcc 0.7 74.29 NOTE
r-devel-windows-ix86+x86_64 0.7 5.00 73.00 78.00 OK
r-patched-linux-x86_64 0.7 1.35 53.85 55.20 OK
r-patched-solaris-x86 0.7 119.00 NOTE
r-release-linux-x86_64 0.7 1.87 52.73 54.60 OK
r-release-windows-ix86+x86_64 0.7 7.00 90.00 97.00 OK
r-release-osx-x86_64 0.7 NOTE
r-oldrel-windows-ix86+x86_64 0.7 7.00 115.00 122.00 OK
r-oldrel-osx-x86_64 0.7 NOTE

Check Details

Version: 0.7
Check: dependencies in R code
Result: NOTE
    Namespaces in Imports field not imported from:
     ‘fields’ ‘knitr’
     All declared Imports should be used.
Flavors: r-devel-linux-x86_64-fedora-clang, r-devel-linux-x86_64-fedora-gcc, r-patched-solaris-x86, r-release-osx-x86_64, r-oldrel-osx-x86_64