CRAN Package Check Results for Package ADPclust

Last updated on 2019-02-21 01:50:33 CET.

Flavor Version Tinstall Tcheck Ttotal Status Flags
r-devel-linux-x86_64-debian-clang 0.7 2.46 60.43 62.89 OK
r-devel-linux-x86_64-debian-gcc 0.7 1.85 43.42 45.27 OK
r-devel-linux-x86_64-fedora-clang 0.7 79.37 NOTE
r-devel-linux-x86_64-fedora-gcc 0.7 69.56 NOTE
r-devel-windows-ix86+x86_64 0.7 7.00 102.00 109.00 OK
r-patched-linux-x86_64 0.7 OK
r-patched-solaris-x86 0.7 114.40 NOTE
r-release-linux-x86_64 0.7 OK
r-release-windows-ix86+x86_64 0.7 4.00 127.00 131.00 OK
r-release-osx-x86_64 0.7 NOTE
r-oldrel-windows-ix86+x86_64 0.7 4.00 104.00 108.00 OK
r-oldrel-osx-x86_64 0.7 NOTE

Check Details

Version: 0.7
Check: dependencies in R code
Result: NOTE
    Namespaces in Imports field not imported from:
     ‘fields’ ‘knitr’
     All declared Imports should be used.
Flavors: r-devel-linux-x86_64-fedora-clang, r-devel-linux-x86_64-fedora-gcc, r-patched-solaris-x86, r-release-osx-x86_64, r-oldrel-osx-x86_64