CRAN Package Check Results for Package ADPclust

Last updated on 2018-08-20 01:46:14 CEST.

Flavor Version Tinstall Tcheck Ttotal Status Flags
r-devel-linux-x86_64-debian-clang 0.7 2.20 56.91 59.11 OK
r-devel-linux-x86_64-debian-gcc 0.7 1.72 39.91 41.63 OK
r-devel-linux-x86_64-fedora-clang 0.7 71.42 NOTE
r-devel-linux-x86_64-fedora-gcc 0.7 78.55 NOTE
r-devel-windows-ix86+x86_64 0.7 5.00 91.00 96.00 OK
r-patched-linux-x86_64 0.7 2.02 53.26 55.28 OK
r-patched-solaris-x86 0.7 123.50 NOTE
r-release-linux-x86_64 0.7 2.01 54.12 56.13 OK
r-release-windows-ix86+x86_64 0.7 6.00 91.00 97.00 OK
r-release-osx-x86_64 0.7 NOTE
r-oldrel-windows-ix86+x86_64 0.7 3.00 86.00 89.00 OK
r-oldrel-osx-x86_64 0.7 NOTE

Check Details

Version: 0.7
Check: dependencies in R code
Result: NOTE
    Namespaces in Imports field not imported from:
     ‘fields’ ‘knitr’
     All declared Imports should be used.
Flavors: r-devel-linux-x86_64-fedora-clang, r-devel-linux-x86_64-fedora-gcc, r-patched-solaris-x86, r-release-osx-x86_64, r-oldrel-osx-x86_64