CRAN Package Check Results for Package AEDForecasting

Last updated on 2024-03-02 14:48:16 CET.

Flavor Version Tinstall Tcheck Ttotal Status Flags
r-devel-linux-x86_64-debian-clang 0.20.0 2.30 26.30 28.60 NOTE
r-devel-linux-x86_64-debian-gcc 0.20.0 2.04 20.07 22.11 NOTE
r-devel-linux-x86_64-fedora-clang 0.20.0 35.16 NOTE
r-devel-linux-x86_64-fedora-gcc 0.20.0 45.67 NOTE
r-devel-windows-x86_64 0.20.0 3.00 59.00 62.00 NOTE
r-patched-linux-x86_64 0.20.0 2.15 24.70 26.85 NOTE
r-release-linux-x86_64 0.20.0 2.23 26.58 28.81 NOTE
r-release-macos-arm64 0.20.0 23.00 NOTE
r-release-macos-x86_64 0.20.0 28.00 NOTE
r-release-windows-x86_64 0.20.0 5.00 42.00 47.00 NOTE
r-oldrel-macos-arm64 0.20.0 18.00 NOTE
r-oldrel-windows-x86_64 0.20.0 4.00 47.00 51.00 NOTE

Check Details

Version: 0.20.0
Check: LazyData
Result: NOTE 'LazyData' is specified without a 'data' directory Flavors: r-devel-linux-x86_64-debian-clang, r-devel-linux-x86_64-debian-gcc, r-devel-linux-x86_64-fedora-clang, r-devel-linux-x86_64-fedora-gcc, r-devel-windows-x86_64, r-patched-linux-x86_64, r-release-linux-x86_64, r-release-macos-arm64, r-release-macos-x86_64, r-release-windows-x86_64, r-oldrel-macos-arm64, r-oldrel-windows-x86_64