CRAN Package Check Results for Package AEDForecasting

Last updated on 2021-04-10 15:47:35 CEST.

Flavor Version Tinstall Tcheck Ttotal Status Flags
r-devel-linux-x86_64-debian-clang 0.20.0 2.22 26.56 28.78 NOTE
r-devel-linux-x86_64-debian-gcc 0.20.0 1.80 20.09 21.89 NOTE
r-devel-linux-x86_64-fedora-clang 0.20.0 43.21 NOTE
r-devel-linux-x86_64-fedora-gcc 0.20.0 29.60 NOTE
r-devel-windows-ix86+x86_64 0.20.0 4.00 31.00 35.00 NOTE
r-devel-windows-x86_64-gcc10-UCRT 0.20.0 NOTE
r-patched-linux-x86_64 0.20.0 2.18 25.99 28.17 OK
r-patched-solaris-x86 0.20.0 51.80 OK
r-release-linux-x86_64 0.20.0 2.20 25.10 27.30 OK
r-release-macos-x86_64 0.20.0 OK
r-release-windows-ix86+x86_64 0.20.0 15.00 41.00 56.00 OK
r-oldrel-macos-x86_64 0.20.0 OK
r-oldrel-windows-ix86+x86_64 0.20.0 4.00 42.00 46.00 OK

Check Details

Version: 0.20.0
Check: LazyData
Result: NOTE
     'LazyData' is specified without a 'data' directory
Flavors: r-devel-linux-x86_64-debian-clang, r-devel-linux-x86_64-debian-gcc, r-devel-linux-x86_64-fedora-clang, r-devel-linux-x86_64-fedora-gcc, r-devel-windows-ix86+x86_64, r-devel-windows-x86_64-gcc10-UCRT