CRAN Package Check Results for Package AFM

Last updated on 2018-08-17 21:47:57 CEST.

Flavor Version Tinstall Tcheck Ttotal Status Flags
r-devel-linux-x86_64-debian-clang 1.2.4 17.91 88.37 106.28 OK
r-devel-linux-x86_64-debian-gcc 1.2.4 15.69 72.20 87.89 OK
r-devel-linux-x86_64-fedora-clang 1.2.4 213.02 OK
r-devel-linux-x86_64-fedora-gcc 1.2.4 235.87 OK
r-devel-windows-ix86+x86_64 1.2.4 45.00 208.00 253.00 OK
r-patched-linux-x86_64 1.2.4 15.06 75.61 90.67 OK
r-patched-solaris-x86 1.2.4 265.40 OK
r-release-linux-x86_64 1.2.4 14.94 74.66 89.60 OK
r-release-windows-ix86+x86_64 1.2.4 41.00 194.00 235.00 OK
r-release-osx-x86_64 1.2.4 WARN
r-oldrel-windows-ix86+x86_64 1.2.4 18.00 163.00 181.00 OK
r-oldrel-osx-x86_64 1.2.4 WARN

Check Details

Version: 1.2.4
Check: whether package can be installed
Result: WARN
    Found the following significant warnings:
     Warning: 'rgl_init' failed, running with rgl.useNULL = TRUE
Flavors: r-release-osx-x86_64, r-oldrel-osx-x86_64