CRAN Package Check Results for Package AFM

Last updated on 2018-05-27 06:46:32 CEST.

Flavor Version Tinstall Tcheck Ttotal Status Flags
r-devel-linux-x86_64-debian-clang 1.2.4 18.98 84.58 103.56 OK
r-devel-linux-x86_64-debian-gcc 1.2.4 16.36 70.68 87.04 OK
r-devel-linux-x86_64-fedora-clang 1.2.4 211.29 OK
r-devel-linux-x86_64-fedora-gcc 1.2.4 216.53 OK
r-devel-windows-ix86+x86_64 1.2.4 24.00 156.00 180.00 OK
r-patched-linux-x86_64 1.2.4 16.74 72.36 89.10 OK
r-patched-solaris-x86 1.2.4 258.40 OK
r-release-linux-x86_64 1.2.4 14.57 72.20 86.77 OK
r-release-windows-ix86+x86_64 1.2.4 42.00 194.00 236.00 OK
r-release-osx-x86_64 1.2.4 OK
r-oldrel-windows-ix86+x86_64 1.2.4 25.00 144.00 169.00 OK
r-oldrel-osx-x86_64 1.2.2 OK

Check Details

Version: 1.2.4
Check: examples
Result: FAIL
    
Flavor: r-release-osx-x86_64