CRAN Package Check Results for Package AFM

Last updated on 2019-02-22 21:57:31 CET.

Flavor Version Tinstall Tcheck Ttotal Status Flags
r-devel-linux-x86_64-debian-clang 1.2.4 16.77 85.71 102.48 OK
r-devel-linux-x86_64-debian-gcc 1.2.4 14.98 66.08 81.06 OK
r-devel-linux-x86_64-fedora-clang 1.2.4 225.32 OK
r-devel-linux-x86_64-fedora-gcc 1.2.4 193.51 OK
r-devel-windows-ix86+x86_64 1.2.4 35.00 218.00 253.00 OK
r-patched-linux-x86_64 1.2.4 16.34 73.37 89.71 OK
r-patched-solaris-x86 1.2.4 299.30 OK
r-release-linux-x86_64 1.2.4 OK
r-release-windows-ix86+x86_64 1.2.4 29.00 161.00 190.00 OK
r-release-osx-x86_64 1.2.4 WARN
r-oldrel-windows-ix86+x86_64 1.2.4 20.00 165.00 185.00 OK
r-oldrel-osx-x86_64 1.2.4 WARN

Check Details

Version: 1.2.4
Check: whether package can be installed
Result: WARN
    Found the following significant warnings:
     Warning: 'rgl_init' failed, running with rgl.useNULL = TRUE
Flavors: r-release-osx-x86_64, r-oldrel-osx-x86_64