CRAN Package Check Results for Package ALA4R

Last updated on 2019-02-16 19:47:14 CET.

Flavor Version Tinstall Tcheck Ttotal Status Flags
r-devel-linux-x86_64-debian-clang 1.6.2 4.74 64.53 69.27 OK
r-devel-linux-x86_64-debian-gcc 1.6.2 4.71 50.77 55.48 OK
r-devel-linux-x86_64-fedora-clang 1.6.2 85.73 OK
r-devel-linux-x86_64-fedora-gcc 1.6.2 80.84 OK
r-devel-windows-ix86+x86_64 1.6.2 21.00 10.00 31.00 ERROR
r-patched-linux-x86_64 1.6.2 5.69 60.86 66.55 OK
r-patched-solaris-x86 1.6.2 107.90 OK
r-release-linux-x86_64 1.6.2 OK
r-release-windows-ix86+x86_64 1.6.2 11.00 144.00 155.00 OK
r-release-osx-x86_64 1.6.2 OK
r-oldrel-windows-ix86+x86_64 1.6.2 3.00 7.00 10.00 ERROR
r-oldrel-osx-x86_64 1.6.2 OK

Check Details

Version: 1.6.2
Check: whether package can be installed
Result: ERROR
    Installation failed.
Flavors: r-devel-windows-ix86+x86_64, r-oldrel-windows-ix86+x86_64