CRAN Package Check Results for Package ALA4R

Last updated on 2018-08-21 20:46:18 CEST.

Flavor Version Tinstall Tcheck Ttotal Status Flags
r-devel-linux-x86_64-debian-clang 1.6.0 6.66 61.26 67.92 OK
r-devel-linux-x86_64-debian-gcc 1.6.0 4.06 55.36 59.42 OK
r-devel-linux-x86_64-fedora-clang 1.6.0 82.00 WARN
r-devel-linux-x86_64-fedora-gcc 1.6.0 86.67 OK
r-devel-windows-ix86+x86_64 1.6.0 12.00 220.00 232.00 WARN
r-patched-linux-x86_64 1.6.0 5.28 56.56 61.84 WARN
r-patched-solaris-x86 1.6.0 104.90 OK
r-release-linux-x86_64 1.6.0 4.52 61.02 65.54 OK
r-release-windows-ix86+x86_64 1.6.0 14.00 161.00 175.00 OK
r-release-osx-x86_64 1.6.0 OK
r-oldrel-windows-ix86+x86_64 1.6.0 6.00 114.00 120.00 WARN
r-oldrel-osx-x86_64 1.6.0 OK

Check Details

Version: 1.6.0
Check: re-building of vignette outputs
Result: WARN
    Error in re-building vignettes:
     ...
    
    Attaching package: 'dplyr'
    
    The following objects are masked from 'package:stats':
    
     filter, lag
    
    The following objects are masked from 'package:base':
    
     intersect, setdiff, setequal, union
    
    Loading required package: maps
    Quitting from lines 266-270 (ALA4R.Rmd)
    Error: processing vignette 'ALA4R.Rmd' failed with diagnostics:
    object 'commonName' not found
    Execution halted
Flavors: r-devel-linux-x86_64-fedora-clang, r-devel-windows-ix86+x86_64, r-patched-linux-x86_64, r-oldrel-windows-ix86+x86_64