CRAN Package Check Results for Package ALA4R

Last updated on 2018-02-24 02:50:31 CET.

Flavor Version Tinstall Tcheck Ttotal Status Flags
r-devel-linux-x86_64-debian-clang 1.5.6 5.23 56.07 61.30 OK
r-devel-linux-x86_64-debian-gcc 1.5.6 3.63 44.76 48.39 OK
r-devel-linux-x86_64-fedora-clang 1.5.6 76.10 OK
r-devel-linux-x86_64-fedora-gcc 1.5.6 59.61 OK
r-devel-windows-ix86+x86_64 1.5.6 13.00 142.00 155.00 OK
r-patched-linux-x86_64 1.5.6 2.46 65.47 67.93 OK
r-patched-solaris-x86 1.5.6 85.80 WARN
r-release-linux-x86_64 1.5.6 3.44 64.37 67.81 OK
r-release-windows-ix86+x86_64 1.5.6 6.00 173.00 179.00 OK
r-release-osx-x86_64 1.5.6 WARN
r-oldrel-windows-ix86+x86_64 1.5.6 6.00 118.00 124.00 OK
r-oldrel-osx-x86_64 1.5.6 WARN

Check Details

Version: 1.5.6
Check: re-building of vignette outputs
Result: WARN
    Error in re-building vignettes:
     ...
    Warning in engine$weave(file, quiet = quiet, encoding = enc) :
     Pandoc (>= 1.12.3) and/or pandoc-citeproc not available. Falling back to R Markdown v1.
    Quitting from lines 15-19 (ALA4R.Rmd)
    Error: processing vignette 'ALA4R.Rmd' failed with diagnostics:
    argument is of length zero
    Execution halted
Flavors: r-patched-solaris-x86, r-release-osx-x86_64, r-oldrel-osx-x86_64