CRAN Package Check Results for Package ALA4R

Last updated on 2018-11-20 13:46:14 CET.

Flavor Version Tinstall Tcheck Ttotal Status Flags
r-devel-linux-x86_64-debian-clang 1.6.0 4.57 63.57 68.14 OK
r-devel-linux-x86_64-debian-gcc 1.6.0 4.48 51.48 55.96 OK
r-devel-linux-x86_64-fedora-clang 1.6.0 80.51 OK
r-devel-linux-x86_64-fedora-gcc 1.6.0 88.54 OK
r-devel-windows-ix86+x86_64 1.6.0 13.00 161.00 174.00 OK
r-patched-linux-x86_64 1.6.0 4.58 56.88 61.46 WARN
r-patched-solaris-x86 1.6.0 116.10 OK
r-release-linux-x86_64 1.6.0 3.75 61.08 64.83 OK
r-release-windows-ix86+x86_64 1.6.0 9.00 215.00 224.00 OK
r-release-osx-x86_64 1.6.0 OK
r-oldrel-windows-ix86+x86_64 1.6.0 11.00 297.00 308.00 WARN
r-oldrel-osx-x86_64 1.6.0 OK

Check Details

Version: 1.6.0
Check: re-building of vignette outputs
Result: WARN
    Error in re-building vignettes:
     ...
    
    Attaching package: 'dplyr'
    
    The following objects are masked from 'package:stats':
    
     filter, lag
    
    The following objects are masked from 'package:base':
    
     intersect, setdiff, setequal, union
    
    Loading required package: maps
    Quitting from lines 277-279 (ALA4R.Rmd)
    Error: processing vignette ‘ALA4R.Rmd’ failed with diagnostics:
    HTTP status code 504 received.
     Either there was an error with the request, or the servers may be down (try again later). If this problem persists please notify the ALA4R maintainers by lodging an issue at https://github.com/AtlasOfLivingAustralia/ALA4R/issues/ or emailing support@ala.org.au
    Execution halted
Flavor: r-patched-linux-x86_64

Version: 1.6.0
Check: re-building of vignette outputs
Result: WARN
    Error in re-building vignettes:
     ...
    
    Attaching package: 'dplyr'
    
    The following objects are masked from 'package:stats':
    
     filter, lag
    
    The following objects are masked from 'package:base':
    
     intersect, setdiff, setequal, union
    
    Loading required package: maps
    Quitting from lines 266-270 (ALA4R.Rmd)
    Error: processing vignette 'ALA4R.Rmd' failed with diagnostics:
    HTTP status code 504 received.
     Either there was an error with the request, or the servers may be down (try again later). If this problem persists please notify the ALA4R maintainers by lodging an issue at https://github.com/AtlasOfLivingAustralia/ALA4R/issues/ or emailing support@ala.org.au
    Execution halted
Flavor: r-oldrel-windows-ix86+x86_64