CRAN Package Check Results for Package AMCTestmakeR

Last updated on 2024-06-13 15:48:13 CEST.

Flavor Version Tinstall Tcheck Ttotal Status Flags
r-devel-linux-x86_64-debian-clang 1.0.0 2.34 28.60 30.94 NOTE
r-devel-linux-x86_64-debian-gcc 1.0.0 1.79 22.25 24.04 NOTE
r-devel-linux-x86_64-fedora-clang 1.0.0 39.86 NOTE
r-devel-linux-x86_64-fedora-gcc 1.0.0 51.21 NOTE
r-devel-windows-x86_64 1.0.0 4.00 50.00 54.00 NOTE
r-patched-linux-x86_64 1.0.0 1.86 30.96 32.82 NOTE
r-release-linux-x86_64 1.0.0 2.04 28.25 30.29 NOTE
r-release-macos-arm64 1.0.0 23.00 NOTE
r-release-macos-x86_64 1.0.0 35.00 NOTE
r-release-windows-x86_64 1.0.0 2.00 61.00 63.00 NOTE
r-oldrel-macos-arm64 1.0.0 24.00 NOTE
r-oldrel-macos-x86_64 1.0.0 33.00 NOTE
r-oldrel-windows-x86_64 1.0.0 3.00 47.00 50.00 NOTE

Check Details

Version: 1.0.0
Check: LazyData
Result: NOTE 'LazyData' is specified without a 'data' directory Flavors: r-devel-linux-x86_64-debian-clang, r-devel-linux-x86_64-debian-gcc, r-devel-linux-x86_64-fedora-clang, r-devel-linux-x86_64-fedora-gcc, r-devel-windows-x86_64, r-patched-linux-x86_64, r-release-linux-x86_64, r-release-macos-arm64, r-release-macos-x86_64, r-release-windows-x86_64, r-oldrel-macos-arm64, r-oldrel-macos-x86_64, r-oldrel-windows-x86_64