CRAN Package Check Results for Package AMModels

Last updated on 2018-08-20 07:47:29 CEST.

Flavor Version Tinstall Tcheck Ttotal Status Flags
r-devel-linux-x86_64-debian-clang 0.1.3 4.64 42.48 47.12 OK
r-devel-linux-x86_64-debian-gcc 0.1.3 3.56 34.34 37.90 OK
r-devel-linux-x86_64-fedora-clang 0.1.3 56.41 NOTE
r-devel-linux-x86_64-fedora-gcc 0.1.3 61.96 NOTE
r-devel-windows-ix86+x86_64 0.1.3 10.00 64.00 74.00 OK
r-patched-linux-x86_64 0.1.3 4.13 37.12 41.25 OK
r-patched-solaris-x86 0.1.3 72.10 NOTE
r-release-linux-x86_64 0.1.3 4.34 37.05 41.39 OK
r-release-windows-ix86+x86_64 0.1.3 10.00 63.00 73.00 OK
r-release-osx-x86_64 0.1.3 NOTE
r-oldrel-windows-ix86+x86_64 0.1.3 5.00 54.00 59.00 OK
r-oldrel-osx-x86_64 0.1.3 NOTE

Check Details

Version: 0.1.3
Check: dependencies in R code
Result: NOTE
    Namespace in Imports field not imported from: ‘unmarked’
     All declared Imports should be used.
Flavors: r-devel-linux-x86_64-fedora-clang, r-devel-linux-x86_64-fedora-gcc, r-patched-solaris-x86, r-release-osx-x86_64, r-oldrel-osx-x86_64