CRAN Package Check Results for Package AMModels

Last updated on 2018-05-24 06:46:33 CEST.

Flavor Version Tinstall Tcheck Ttotal Status Flags
r-devel-linux-x86_64-debian-clang 0.1.3 4.10 38.38 42.48 OK
r-devel-linux-x86_64-debian-gcc 0.1.3 3.86 31.48 35.34 OK
r-devel-linux-x86_64-fedora-clang 0.1.3 59.78 NOTE
r-devel-linux-x86_64-fedora-gcc 0.1.3 59.07 NOTE
r-devel-windows-ix86+x86_64 0.1.3 7.00 49.00 56.00 OK
r-patched-linux-x86_64 0.1.3 3.63 38.56 42.19 OK
r-patched-solaris-x86 0.1.3 71.40 NOTE
r-release-linux-x86_64 0.1.3 3.02 38.22 41.24 OK
r-release-windows-ix86+x86_64 0.1.3 10.00 64.00 74.00 OK
r-release-osx-x86_64 0.1.3 NOTE
r-oldrel-windows-ix86+x86_64 0.1.3 8.00 66.00 74.00 OK
r-oldrel-osx-x86_64 0.1.3 NOTE

Check Details

Version: 0.1.3
Check: dependencies in R code
Result: NOTE
    Namespace in Imports field not imported from: ‘unmarked’
     All declared Imports should be used.
Flavors: r-devel-linux-x86_64-fedora-clang, r-devel-linux-x86_64-fedora-gcc, r-patched-solaris-x86, r-release-osx-x86_64, r-oldrel-osx-x86_64