CRAN Package Check Results for Package ANLP

Last updated on 2018-08-18 12:49:55 CEST.

Flavor Version Tinstall Tcheck Ttotal Status Flags
r-release-osx-x86_64 1.3 WARN
r-oldrel-osx-x86_64 1.3 NOTE

Check Details

Version: 1.3
Check: whether package can be installed
Result: WARN
    Found the following significant warnings:
     WARNING: An illegal reflective access operation has occurred
     WARNING: Illegal reflective access by weka.core.WekaPackageClassLoaderManager (file:/Volumes/SSD-Data/Builds/R-dev-web/QA/Simon/packages/el-capitan-x86_64/Rlib/3.5/RWekajars/java/weka.jar) to method java.lang.ClassLoader.defineClass(java.lang.String,byte[],int,int,java.security.ProtectionDomain)
     WARNING: Please consider reporting this to the maintainers of weka.core.WekaPackageClassLoaderManager
     WARNING: Use --illegal-access=warn to enable warnings of further illegal reflective access operations
     WARNING: All illegal access operations will be denied in a future release
Flavor: r-release-osx-x86_64

Version: 1.3
Check: dependencies in R code
Result: NOTE
    WARNING: An illegal reflective access operation has occurred
    WARNING: Illegal reflective access by weka.core.WekaPackageClassLoaderManager (file:/Volumes/SSD-Data/Builds/R-dev-web/QA/Simon/packages/el-capitan-x86_64/Rlib/3.5/RWekajars/java/weka.jar) to method java.lang.ClassLoader.defineClass(java.lang.String,byte[],int,int,java.security.ProtectionDomain)
    WARNING: Please consider reporting this to the maintainers of weka.core.WekaPackageClassLoaderManager
    WARNING: Use --illegal-access=warn to enable warnings of further illegal reflective access operations
    WARNING: All illegal access operations will be denied in a future release
Flavor: r-release-osx-x86_64

Version: 1.3
Check: S3 generic/method consistency
Result: WARN
    WARNING: An illegal reflective access operation has occurred
    WARNING: Illegal reflective access by weka.core.WekaPackageClassLoaderManager (file:/Volumes/SSD-Data/Builds/R-dev-web/QA/Simon/packages/el-capitan-x86_64/Rlib/3.5/RWekajars/java/weka.jar) to method java.lang.ClassLoader.defineClass(java.lang.String,byte[],int,int,java.security.ProtectionDomain)
    WARNING: Please consider reporting this to the maintainers of weka.core.WekaPackageClassLoaderManager
    WARNING: Use --illegal-access=warn to enable warnings of further illegal reflective access operations
    WARNING: All illegal access operations will be denied in a future release
    See section ‘Generic functions and methods’ in the ‘Writing R
    Extensions’ manual.
Flavor: r-release-osx-x86_64

Version: 1.3
Check: replacement functions
Result: WARN
    WARNING: An illegal reflective access operation has occurred
    WARNING: Illegal reflective access by weka.core.WekaPackageClassLoaderManager (file:/Volumes/SSD-Data/Builds/R-dev-web/QA/Simon/packages/el-capitan-x86_64/Rlib/3.5/RWekajars/java/weka.jar) to method java.lang.ClassLoader.defineClass(java.lang.String,byte[],int,int,java.security.ProtectionDomain)
    WARNING: Please consider reporting this to the maintainers of weka.core.WekaPackageClassLoaderManager
    WARNING: Use --illegal-access=warn to enable warnings of further illegal reflective access operations
    WARNING: All illegal access operations will be denied in a future release
    The argument of a replacement function which corresponds to the right
    hand side must be named ‘value’.
Flavor: r-release-osx-x86_64

Version: 1.3
Check: foreign function calls
Result: NOTE
    WARNING: An illegal reflective access operation has occurred
    WARNING: Illegal reflective access by weka.core.WekaPackageClassLoaderManager (file:/Volumes/SSD-Data/Builds/R-dev-web/QA/Simon/packages/el-capitan-x86_64/Rlib/3.5/RWekajars/java/weka.jar) to method java.lang.ClassLoader.defineClass(java.lang.String,byte[],int,int,java.security.ProtectionDomain)
    WARNING: Please consider reporting this to the maintainers of weka.core.WekaPackageClassLoaderManager
    WARNING: Use --illegal-access=warn to enable warnings of further illegal reflective access operations
    WARNING: All illegal access operations will be denied in a future release
    See chapter ‘System and foreign language interfaces’ in the ‘Writing R
    Extensions’ manual.
Flavor: r-release-osx-x86_64

Version: 1.3
Check: for missing documentation entries
Result: WARN
    WARNING: An illegal reflective access operation has occurred
    WARNING: Illegal reflective access by weka.core.WekaPackageClassLoaderManager (file:/Volumes/SSD-Data/Builds/R-dev-web/QA/Simon/packages/el-capitan-x86_64/Rlib/3.5/RWekajars/java/weka.jar) to method java.lang.ClassLoader.defineClass(java.lang.String,byte[],int,int,java.security.ProtectionDomain)
    WARNING: Please consider reporting this to the maintainers of weka.core.WekaPackageClassLoaderManager
    WARNING: Use --illegal-access=warn to enable warnings of further illegal reflective access operations
    WARNING: All illegal access operations will be denied in a future release
    All user-level objects in a package should have documentation entries.
    See chapter ‘Writing R documentation files’ in the ‘Writing R
    Extensions’ manual.
Flavor: r-release-osx-x86_64

Version: 1.3
Check: for code/documentation mismatches
Result: WARN
    WARNING: An illegal reflective access operation has occurred
    WARNING: Illegal reflective access by weka.core.WekaPackageClassLoaderManager (file:/Volumes/SSD-Data/Builds/R-dev-web/QA/Simon/packages/el-capitan-x86_64/Rlib/3.5/RWekajars/java/weka.jar) to method java.lang.ClassLoader.defineClass(java.lang.String,byte[],int,int,java.security.ProtectionDomain)
    WARNING: Please consider reporting this to the maintainers of weka.core.WekaPackageClassLoaderManager
    WARNING: Use --illegal-access=warn to enable warnings of further illegal reflective access operations
    WARNING: All illegal access operations will be denied in a future release
    WARNING: An illegal reflective access operation has occurred
    WARNING: Illegal reflective access by weka.core.WekaPackageClassLoaderManager (file:/Volumes/SSD-Data/Builds/R-dev-web/QA/Simon/packages/el-capitan-x86_64/Rlib/3.5/RWekajars/java/weka.jar) to method java.lang.ClassLoader.defineClass(java.lang.String,byte[],int,int,java.security.ProtectionDomain)
    WARNING: Please consider reporting this to the maintainers of weka.core.WekaPackageClassLoaderManager
    WARNING: Use --illegal-access=warn to enable warnings of further illegal reflective access operations
    WARNING: All illegal access operations will be denied in a future release
    WARNING: An illegal reflective access operation has occurred
    WARNING: Illegal reflective access by weka.core.WekaPackageClassLoaderManager (file:/Volumes/SSD-Data/Builds/R-dev-web/QA/Simon/packages/el-capitan-x86_64/Rlib/3.5/RWekajars/java/weka.jar) to method java.lang.ClassLoader.defineClass(java.lang.String,byte[],int,int,java.security.ProtectionDomain)
    WARNING: Please consider reporting this to the maintainers of weka.core.WekaPackageClassLoaderManager
    WARNING: Use --illegal-access=warn to enable warnings of further illegal reflective access operations
    WARNING: All illegal access operations will be denied in a future release
Flavor: r-release-osx-x86_64

Version: 1.3
Check: Rd \usage sections
Result: NOTE
    WARNING: An illegal reflective access operation has occurred
    WARNING: Illegal reflective access by weka.core.WekaPackageClassLoaderManager (file:/Volumes/SSD-Data/Builds/R-dev-web/QA/Simon/packages/el-capitan-x86_64/Rlib/3.5/RWekajars/java/weka.jar) to method java.lang.ClassLoader.defineClass(java.lang.String,byte[],int,int,java.security.ProtectionDomain)
    WARNING: Please consider reporting this to the maintainers of weka.core.WekaPackageClassLoaderManager
    WARNING: Use --illegal-access=warn to enable warnings of further illegal reflective access operations
    WARNING: All illegal access operations will be denied in a future release
    The \usage entries for S3 methods should use the \method markup and not
    their full name.
    See chapter ‘Writing R documentation files’ in the ‘Writing R
    Extensions’ manual.
Flavor: r-release-osx-x86_64

Version: 1.3
Check: data for non-ASCII characters
Result: NOTE
     Note: found 3597 marked UTF-8 strings
Flavors: r-release-osx-x86_64, r-oldrel-osx-x86_64