CRAN Package Check Results for Package ANLP

Last updated on 2018-02-20 05:47:41 CET.

Flavor Version Tinstall Tcheck Ttotal Status Flags
r-devel-linux-x86_64-debian-clang 1.3 12.02 115.59 127.61 OK
r-devel-linux-x86_64-debian-gcc 1.3 10.27 98.55 108.82 OK
r-devel-linux-x86_64-fedora-clang 1.3 167.34 NOTE
r-devel-linux-x86_64-fedora-gcc 1.3 168.60 NOTE
r-devel-windows-ix86+x86_64 1.3 17.00 116.00 133.00 OK
r-patched-linux-x86_64 1.3 11.99 136.54 148.53 OK
r-release-linux-x86_64 1.3 11.66 135.34 147.00 OK
r-release-windows-ix86+x86_64 1.3 30.00 176.00 206.00 OK
r-release-osx-x86_64 1.3 NOTE
r-oldrel-windows-ix86+x86_64 1.3 28.00 169.00 197.00 OK
r-oldrel-osx-x86_64 1.3 WARN

Check Details

Version: 1.3
Check: data for non-ASCII characters
Result: NOTE
     Note: found 3597 marked UTF-8 strings
Flavors: r-devel-linux-x86_64-fedora-clang, r-devel-linux-x86_64-fedora-gcc, r-release-osx-x86_64, r-oldrel-osx-x86_64

Version: 1.3
Check: re-building of vignette outputs
Result: WARN
    Error in re-building vignettes:
     ...
    
    The following object is masked from 'package:qdap':
    
     %>%
    
    The following object is masked from 'package:qdapTools':
    
     id
    
    The following objects are masked from 'package:qdapRegex':
    
     escape, explain
    
    The following objects are masked from 'package:stats':
    
     filter, lag
    
    The following objects are masked from 'package:base':
    
     intersect, setdiff, setequal, union
    
    Quitting from lines 56-58 (ANLP_Documentation.Rmd)
    Error: processing vignette 'ANLP_Documentation.Rmd' failed with diagnostics:
    java.lang.UnsupportedClassVersionError: weka/core/tokenizers/NGramTokenizer : Unsupported major.minor version 51.0
    Execution halted
Flavor: r-oldrel-osx-x86_64