CRAN Package Check Results for Package ANOM

Last updated on 2018-11-17 10:50:57 CET.

Flavor Version Tinstall Tcheck Ttotal Status Flags
r-devel-linux-x86_64-debian-clang 0.5 5.49 83.08 88.57 OK
r-devel-linux-x86_64-debian-gcc 0.5 5.56 65.10 70.66 OK
r-devel-linux-x86_64-fedora-clang 0.5 125.67 OK
r-devel-linux-x86_64-fedora-gcc 0.5 122.35 OK
r-devel-windows-ix86+x86_64 0.5 18.00 147.00 165.00 OK
r-patched-linux-x86_64 0.5 5.62 77.58 83.20 OK
r-patched-solaris-x86 0.5 164.40 OK
r-release-linux-x86_64 0.5 4.97 74.79 79.76 OK
r-release-windows-ix86+x86_64 0.5 19.00 144.00 163.00 OK
r-release-osx-x86_64 0.5 OK
r-oldrel-windows-ix86+x86_64 0.5 16.00 142.00 158.00 OK
r-oldrel-osx-x86_64 0.5 WARN

Check Details

Version: 0.5
Check: re-building of vignette outputs
Result: WARN
    Error in re-building vignettes:
     ...
    Loading required package: TH.data
    Loading required package: MASS
    
    Attaching package: 'TH.data'
    
    The following object is masked from 'package:MASS':
    
     geyser
    
    Error in texi2dvi(file = file, pdf = TRUE, clean = clean, quiet = quiet, :
     Running 'texi2dvi' on 'ANOM.tex' failed.
    LaTeX errors:
    ! LaTeX Error: File `doi.sty' not found.
    
    Type X to quit or <RETURN> to proceed,
    or enter new name. (Default extension: sty)
    
    ! Emergency stop.
    <read *>
    
    l.56 \usepackage
     {parskip}^^M
    ! ==> Fatal error occurred, no output PDF file produced!
    Calls: buildVignettes -> texi2pdf -> texi2dvi
    Execution halted
Flavor: r-oldrel-osx-x86_64