CRAN Package Check Results for Package ANOM

Last updated on 2018-02-24 11:50:55 CET.

Flavor Version Tinstall Tcheck Ttotal Status Flags
r-devel-linux-x86_64-debian-clang 0.5 5.83 76.76 82.59 OK
r-devel-linux-x86_64-debian-gcc 0.5 4.69 60.76 65.45 OK
r-devel-linux-x86_64-fedora-clang 0.5 105.01 OK
r-devel-linux-x86_64-fedora-gcc 0.5 111.17 OK
r-devel-windows-ix86+x86_64 0.5 15.00 124.00 139.00 OK
r-patched-linux-x86_64 0.5 4.52 81.59 86.11 OK
r-patched-solaris-x86 0.5 158.40 OK
r-release-linux-x86_64 0.5 4.05 81.74 85.79 OK
r-release-windows-ix86+x86_64 0.5 17.00 149.00 166.00 OK
r-release-osx-x86_64 0.5 WARN
r-oldrel-windows-ix86+x86_64 0.5 11.00 93.00 104.00 OK
r-oldrel-osx-x86_64 0.5 OK

Check Details

Version: 0.5
Check: re-building of vignette outputs
Result: WARN
    Error in re-building vignettes:
     ...
    Loading required package: TH.data
    Loading required package: MASS
    
    Attaching package: 'TH.data'
    
    The following object is masked from 'package:MASS':
    
     geyser
    
    Error in texi2dvi(file = file, pdf = TRUE, clean = clean, quiet = quiet, :
     Running 'texi2dvi' on 'ANOM.tex' failed.
    LaTeX errors:
    ! LaTeX Error: File `doi.sty' not found.
    
    Type X to quit or <RETURN> to proceed,
    or enter new name. (Default extension: sty)
    
    ! Emergency stop.
    <read *>
    
    l.56 \usepackage
     {parskip}^^M
    ! ==> Fatal error occurred, no output PDF file produced!
    Calls: buildVignettes -> texi2pdf -> texi2dvi
    Execution halted
Flavor: r-release-osx-x86_64