CRAN Package Check Results for Package ANOM

Last updated on 2018-05-23 09:46:50 CEST.

Flavor Version Tinstall Tcheck Ttotal Status Flags
r-devel-linux-x86_64-debian-clang 0.5 6.98 88.81 95.79 OK
r-devel-linux-x86_64-debian-gcc 0.5 0.29 0.91 1.20 ERROR
r-devel-linux-x86_64-fedora-clang 0.5 128.56 OK
r-devel-linux-x86_64-fedora-gcc 0.5 126.04 OK
r-devel-windows-ix86+x86_64 0.5 12.00 144.00 156.00 OK
r-patched-linux-x86_64 0.5 6.43 75.91 82.34 OK
r-patched-solaris-x86 0.5 152.70 OK
r-release-linux-x86_64 0.5 5.94 74.74 80.68 OK
r-release-windows-ix86+x86_64 0.5 19.00 130.00 149.00 OK
r-release-osx-x86_64 0.5 OK
r-oldrel-windows-ix86+x86_64 0.5 15.00 134.00 149.00 OK
r-oldrel-osx-x86_64 0.5 WARN

Check Details

Version: 0.5
Check: package dependencies
Result: ERROR
    Package required but not available: ‘ggplot2’
    
    See section ‘The DESCRIPTION file’ in the ‘Writing R Extensions’
    manual.
Flavor: r-devel-linux-x86_64-debian-gcc

Version: 0.5
Check: re-building of vignette outputs
Result: WARN
    Error in re-building vignettes:
     ...
    Loading required package: TH.data
    Loading required package: MASS
    
    Attaching package: 'TH.data'
    
    The following object is masked from 'package:MASS':
    
     geyser
    
    Error in texi2dvi(file = file, pdf = TRUE, clean = clean, quiet = quiet, :
     Running 'texi2dvi' on 'ANOM.tex' failed.
    LaTeX errors:
    ! LaTeX Error: File `doi.sty' not found.
    
    Type X to quit or <RETURN> to proceed,
    or enter new name. (Default extension: sty)
    
    ! Emergency stop.
    <read *>
    
    l.56 \usepackage
     {parskip}^^M
    ! ==> Fatal error occurred, no output PDF file produced!
    Calls: buildVignettes -> texi2pdf -> texi2dvi
    Execution halted
Flavor: r-oldrel-osx-x86_64