Last updated on 2019-02-17 21:47:24 CET.
Flavor | Version | Tinstall | Tcheck | Ttotal | Status | Flags |
---|---|---|---|---|---|---|
r-devel-linux-x86_64-debian-clang | 0.5 | 6.67 | 86.82 | 93.49 | OK | |
r-devel-linux-x86_64-debian-gcc | 0.5 | 4.63 | 67.46 | 72.09 | OK | |
r-devel-linux-x86_64-fedora-clang | 0.5 | 128.28 | OK | |||
r-devel-linux-x86_64-fedora-gcc | 0.5 | 101.81 | OK | |||
r-devel-windows-ix86+x86_64 | 0.5 | 16.00 | 137.00 | 153.00 | OK | |
r-patched-linux-x86_64 | 0.5 | 5.91 | 81.24 | 87.15 | OK | |
r-patched-solaris-x86 | 0.5 | 161.00 | OK | |||
r-release-linux-x86_64 | 0.5 | OK | ||||
r-release-windows-ix86+x86_64 | 0.5 | 11.00 | 106.00 | 117.00 | OK | |
r-release-osx-x86_64 | 0.5 | OK | ||||
r-oldrel-windows-ix86+x86_64 | 0.5 | 13.00 | 123.00 | 136.00 | OK | |
r-oldrel-osx-x86_64 | 0.5 | WARN |
Version: 0.5
Check: re-building of vignette outputs
Result: WARN
Error in re-building vignettes:
...
Loading required package: TH.data
Loading required package: MASS
Attaching package: 'TH.data'
The following object is masked from 'package:MASS':
geyser
Error in texi2dvi(file = file, pdf = TRUE, clean = clean, quiet = quiet, :
Running 'texi2dvi' on 'ANOM.tex' failed.
LaTeX errors:
! LaTeX Error: File `doi.sty' not found.
Type X to quit or <RETURN> to proceed,
or enter new name. (Default extension: sty)
! Emergency stop.
<read *>
l.56 \usepackage
{parskip}^^M
! ==> Fatal error occurred, no output PDF file produced!
Calls: buildVignettes -> texi2pdf -> texi2dvi
Execution halted
Flavor: r-oldrel-osx-x86_64