CRAN Package Check Results for Package AROC

Last updated on 2024-07-23 16:48:59 CEST.

Flavor Version Tinstall Tcheck Ttotal Status Flags
r-devel-linux-x86_64-debian-clang 1.0-4 4.45 2.27 6.72 ERROR
r-devel-linux-x86_64-debian-gcc 1.0-4 3.89 1.72 5.61 ERROR
r-devel-linux-x86_64-fedora-clang 1.0-4 10.54 ERROR
r-devel-linux-x86_64-fedora-gcc 1.0-4 9.56 ERROR
r-devel-windows-x86_64 1.0-4 4.00 20.00 24.00 ERROR
r-patched-linux-x86_64 1.0-4 3.70 2.23 5.93 ERROR
r-release-linux-x86_64 1.0-4 4.09 2.28 6.37 ERROR
r-release-macos-arm64 1.0-4 59.00 OK
r-release-macos-x86_64 1.0-4 121.00 OK
r-release-windows-x86_64 1.0-4 4.00 21.00 25.00 ERROR
r-oldrel-macos-arm64 1.0-4 64.00 OK
r-oldrel-macos-x86_64 1.0-4 109.00 OK
r-oldrel-windows-x86_64 1.0-4 6.00 8.00 14.00 ERROR

Check Details

Version: 1.0-4
Check: whether package can be installed
Result: ERROR Installation failed. Flavors: r-devel-linux-x86_64-debian-clang, r-devel-linux-x86_64-debian-gcc, r-devel-linux-x86_64-fedora-clang, r-devel-linux-x86_64-fedora-gcc, r-devel-windows-x86_64, r-patched-linux-x86_64, r-release-linux-x86_64, r-release-windows-x86_64, r-oldrel-windows-x86_64