Last updated on 2025-04-30 17:53:52 CEST.
Flavor | Version | Tinstall | Tcheck | Ttotal | Status | Flags |
---|---|---|---|---|---|---|
r-devel-linux-x86_64-debian-clang | 0.7.2 | 5.72 | 186.12 | 191.84 | NOTE | |
r-devel-linux-x86_64-debian-gcc | 0.7.2 | 4.54 | 132.16 | 136.70 | OK | |
r-devel-linux-x86_64-fedora-clang | 0.7.2 | 303.61 | OK | |||
r-devel-linux-x86_64-fedora-gcc | 0.7.2 | 313.92 | OK | |||
r-devel-windows-x86_64 | 0.7.2 | 9.00 | 212.00 | 221.00 | OK | |
r-patched-linux-x86_64 | 0.7.2 | 6.64 | 176.11 | 182.75 | OK | |
r-release-linux-x86_64 | 0.7.2 | 5.85 | 175.17 | 181.02 | OK | |
r-release-macos-arm64 | 0.7.2 | 95.00 | OK | |||
r-release-macos-x86_64 | 0.7.2 | 189.00 | OK | |||
r-release-windows-x86_64 | 0.7.2 | 9.00 | 211.00 | 220.00 | OK | |
r-oldrel-macos-arm64 | 0.7.2 | 104.00 | OK | |||
r-oldrel-macos-x86_64 | 0.7.2 | 197.00 | OK | |||
r-oldrel-windows-x86_64 | 0.7.2 | 10.00 | 267.00 | 277.00 | OK |
Version: 0.7.2
Check: examples
Result: NOTE
Examples with CPU (user + system) or elapsed time > 5s
user system elapsed
calc_selection_weights 5.407 0.339 6.466
sample_recordings 5.462 0.137 6.763
acoustic_indices 4.062 0.236 5.562
Flavor: r-devel-linux-x86_64-debian-clang