CRAN Package Check Results for Package ASICS

Last updated on 2018-02-24 20:48:15 CET.

Flavor Version Tinstall Tcheck Ttotal Status Flags
r-devel-linux-x86_64-debian-clang 1.0.1 3.21 224.57 227.78 OK
r-devel-linux-x86_64-debian-gcc 1.0.1 2.90 157.53 160.43 OK
r-devel-linux-x86_64-fedora-clang 1.0.1 260.72 OK
r-devel-linux-x86_64-fedora-gcc 1.0.1 262.04 OK
r-devel-windows-ix86+x86_64 1.0.1 8.00 267.00 275.00 OK
r-patched-linux-x86_64 1.0.1 2.44 208.48 210.92 OK
r-patched-solaris-x86 1.0.1 362.50 OK
r-release-linux-x86_64 1.0.1 2.61 209.36 211.97 OK
r-release-windows-ix86+x86_64 1.0.1 10.00 294.00 304.00 OK
r-release-osx-x86_64 1.0.1 OK
r-oldrel-windows-ix86+x86_64 1.0.1 4.00 215.00 219.00 OK
r-oldrel-osx-x86_64 1.0.0 WARN

Check Details

Version: 1.0.0
Check: for executable files
Result: WARN
    Found the following executable file:
     inst/extdata/example_spectra/AG_faq_Beck01/2/pdata/1/1i
    Source packages should not contain undeclared executable files.
    See section ‘Package structure’ in the ‘Writing R Extensions’ manual.
Flavor: r-oldrel-osx-x86_64