CRAN Package Check Results for Package ASMap

Last updated on 2018-02-25 05:47:14 CET.

Flavor Version Tinstall Tcheck Ttotal Status Flags
r-devel-linux-x86_64-debian-clang 1.0-2 21.11 370.40 391.51 OK
r-devel-linux-x86_64-debian-gcc 1.0-2 17.72 354.38 372.10 OK
r-devel-linux-x86_64-fedora-clang 1.0-2 496.62 OK
r-devel-linux-x86_64-fedora-gcc 1.0-2 564.85 OK
r-devel-windows-ix86+x86_64 1.0-2 64.00 363.00 427.00 OK --no-vignettes
r-patched-linux-x86_64 1.0-2 18.46 457.30 475.76 OK
r-patched-solaris-x86 1.0-2 2065.20 WARN
r-release-linux-x86_64 1.0-2 17.09 448.48 465.57 OK
r-release-windows-ix86+x86_64 1.0-2 44.00 490.00 534.00 OK --no-vignettes
r-release-osx-x86_64 1.0-2 WARN
r-oldrel-windows-ix86+x86_64 1.0-2 41.00 456.00 497.00 OK --no-vignettes
r-oldrel-osx-x86_64 1.0-2 OK

Check Details

Version: 1.0-2
Check: re-building of vignette outputs
Result: WARN
    Error in re-building vignettes:
     ...
    Warning in summary.cross(cross) :
     Some markers at the same position on chr 1B1,1D,2B,2D1,3A,3B,3D,4A,5A,5B,5D,6D,7A,7B,7D; use jittermap().
    Warning in summary.cross(cross) :
     Some chromosomes > 1000 cM in length; there may be a problem with the genetic map.
     (Perhaps it is in basepairs?)
    Warning in summary.cross(cross) :
     Some markers at the same position on chr L.1,L.2,L.3,L.4,L.5,L.6,L.7,L.8,L.9; use jittermap().
    Warning in heatMap(mapBC6, chr = c("L.3", "L.5", "L.8", "L.9"), lmax = 70) :
     Running est.rf.
    Warning in summary.cross(cross) :
     Some markers at the same position on chr L.1,L.2,L.3,L.4,L.5,L.6,L.7; use jittermap().
Flavor: r-patched-solaris-x86

Version: 1.0-2
Check: re-building of vignette outputs
Result: WARN
    Error in re-building vignettes:
     ...
    Warning in summary.cross(cross) :
     Some chromosomes > 1000 cM in length; there may be a problem with the genetic map.
     (Perhaps it is in basepairs?)
    Warning in summary.cross(cross) :
     Some markers at the same position on chr L.1,L.2,L.3,L.4,L.5,L.6,L.7,L.8,L.9; use jittermap().
    Warning in heatMap(mapBC6, chr = c("L.3", "L.5", "L.8", "L.9"), lmax = 70) :
     Running est.rf.
    Warning in summary.cross(cross) :
     Some markers at the same position on chr L.1,L.2,L.3,L.4,L.5,L.6,L.7; use jittermap().
    Error in texi2dvi(file = file, pdf = TRUE, clean = clean, quiet = quiet, :
     Running 'texi2dvi' on 'asmapvignette.tex' failed.
    LaTeX errors:
    ! LaTeX Error: File `titlesec.sty' not found.
    
    Type X to quit or <RETURN> to proceed,
    or enter new name. (Default extension: sty)
    
    ! Emergency stop.
    <read *>
    
    l.34 \usepackage
     [titles]{tocloft}^^M
    ! ==> Fatal error occurred, no output PDF file produced!
    Calls: buildVignettes -> texi2pdf -> texi2dvi
    Execution halted
Flavor: r-release-osx-x86_64