CRAN Package Check Results for Package ASMap

Last updated on 2019-01-22 06:46:44 CET.

Flavor Version Tinstall Tcheck Ttotal Status Flags
r-devel-linux-x86_64-debian-clang 1.0-4 21.85 377.61 399.46 OK
r-devel-linux-x86_64-debian-gcc 1.0-4 16.65 358.51 375.16 OK
r-devel-linux-x86_64-fedora-clang 1.0-4 491.49 OK
r-devel-linux-x86_64-fedora-gcc 1.0-4 555.32 OK
r-devel-windows-ix86+x86_64 1.0-4 53.00 96.00 149.00 OK --no-examples --no-tests --no-vignettes
r-patched-linux-x86_64 1.0-4 22.61 416.82 439.43 OK
r-patched-solaris-x86 1.0-4 2139.00 WARN
r-release-linux-x86_64 1.0-4 20.17 421.08 441.25 OK
r-release-windows-ix86+x86_64 1.0-4 60.00 118.00 178.00 OK --no-examples --no-tests --no-vignettes
r-release-osx-x86_64 1.0-4 OK
r-oldrel-windows-ix86+x86_64 1.0-4 52.00 88.00 140.00 OK --no-examples --no-tests --no-vignettes
r-oldrel-osx-x86_64 1.0-4 OK

Check Details

Version: 1.0-4
Check: re-building of vignette outputs
Result: WARN
    Error in re-building vignettes:
     ...
    Warning in summary.cross(cross) :
     Some markers at the same position on chr 1B1,1D,2B,2D1,3A,3B,3D,4A,5A,5B,5D,6D,7A,7B,7D; use jittermap().
    Warning in summary.cross(cross) :
     Some chromosomes > 1000 cM in length; there may be a problem with the genetic map.
     (Perhaps it is in basepairs?)
    Warning in summary.cross(cross) :
     Some markers at the same position on chr L.1,L.2,L.3,L.4,L.5,L.6,L.7,L.8,L.9; use jittermap().
    Warning in heatMap(mapBC6, chr = c("L.3", "L.5", "L.8", "L.9"), lmax = 70) :
     Running est.rf.
    Warning in summary.cross(cross) :
     Some markers at the same position on chr L.1,L.2,L.3,L.4,L.5,L.6,L.7; use jittermap().
Flavor: r-patched-solaris-x86