CRAN Package Check Results for Package ATNr

Last updated on 2022-11-29 04:52:24 CET.

Flavor Version Tinstall Tcheck Ttotal Status Flags
r-devel-linux-x86_64-debian-clang 1.0.2 119.56 97.17 216.73 OK
r-devel-linux-x86_64-debian-gcc 1.0.2 102.02 72.89 174.91 OK
r-devel-linux-x86_64-fedora-clang 1.0.2 338.23 OK
r-devel-linux-x86_64-fedora-gcc 1.0.2 319.85 OK
r-devel-windows-x86_64 1.0.2 99.00 171.00 270.00 OK
r-patched-linux-x86_64 1.0.2 113.75 95.96 209.71 OK
r-release-linux-x86_64 1.0.2 114.36 94.89 209.25 OK
r-release-macos-arm64 1.0.2 84.00 NOTE
r-release-macos-x86_64 1.0.2 131.00 NOTE
r-release-windows-x86_64 1.0.2 210.00 193.00 403.00 OK
r-oldrel-macos-arm64 1.0.2 80.00 NOTE
r-oldrel-macos-x86_64 1.0.2 138.00 NOTE
r-oldrel-windows-ix86+x86_64 1.0.2 293.00 180.00 473.00 OK

Check Details

Version: 1.0.2
Check: installed package size
Result: NOTE
     installed size is 10.4Mb
     sub-directories of 1Mb or more:
     libs 9.7Mb
Flavors: r-release-macos-arm64, r-release-macos-x86_64, r-oldrel-macos-arm64, r-oldrel-macos-x86_64