CRAN Package Check Results for Package AUC

Last updated on 2020-07-07 07:47:49 CEST.

Flavor Version Tinstall Tcheck Ttotal Status Flags
r-devel-linux-x86_64-debian-clang 0.3.0 1.93 20.14 22.07 NOTE
r-devel-linux-x86_64-debian-gcc 0.3.0 1.64 16.00 17.64 NOTE
r-devel-linux-x86_64-fedora-clang 0.3.0 36.47 NOTE
r-devel-linux-x86_64-fedora-gcc 0.3.0 26.17 NOTE
r-devel-windows-ix86+x86_64 0.3.0 5.00 32.00 37.00 NOTE
r-patched-linux-x86_64 0.3.0 1.94 20.05 21.99 NOTE
r-patched-solaris-x86 0.3.0 40.80 NOTE
r-release-linux-x86_64 0.3.0 1.80 20.14 21.94 NOTE
r-release-osx-x86_64 0.3.0 NOTE
r-release-windows-ix86+x86_64 0.3.0 5.00 31.00 36.00 NOTE
r-oldrel-osx-x86_64 0.3.0 NOTE
r-oldrel-windows-ix86+x86_64 0.3.0 4.00 43.00 47.00 NOTE

Check Details

Version: 0.3.0
Check: DESCRIPTION meta-information
Result: NOTE
    Malformed Title field: should not end in a period.
Flavors: r-devel-linux-x86_64-debian-clang, r-devel-linux-x86_64-debian-gcc, r-devel-linux-x86_64-fedora-clang, r-devel-linux-x86_64-fedora-gcc, r-devel-windows-ix86+x86_64, r-patched-linux-x86_64, r-patched-solaris-x86, r-release-linux-x86_64, r-release-osx-x86_64, r-release-windows-ix86+x86_64, r-oldrel-osx-x86_64, r-oldrel-windows-ix86+x86_64

Version: 0.3.0
Check: R code for possible problems
Result: NOTE
    plot.AUC: no visible global function definition for 'lines'
    Undefined global functions or variables:
     lines
    Consider adding
     importFrom("graphics", "lines")
    to your NAMESPACE file.
Flavors: r-devel-linux-x86_64-debian-clang, r-devel-linux-x86_64-debian-gcc, r-devel-linux-x86_64-fedora-clang, r-devel-linux-x86_64-fedora-gcc, r-devel-windows-ix86+x86_64, r-patched-linux-x86_64, r-patched-solaris-x86, r-release-linux-x86_64, r-release-osx-x86_64, r-release-windows-ix86+x86_64

Version: 0.3.0
Check: R code for possible problems
Result: NOTE
    plot.AUC: no visible global function definition for ‘plot’
    plot.AUC: no visible global function definition for ‘lines’
    Undefined global functions or variables:
     lines plot
    Consider adding
     importFrom("graphics", "lines", "plot")
    to your NAMESPACE file.
Flavors: r-oldrel-osx-x86_64, r-oldrel-windows-ix86+x86_64