CRAN Package Check Results for Package AUCRF

Last updated on 2018-05-21 15:46:25 CEST.

Flavor Version Tinstall Tcheck Ttotal Status Flags
r-devel-linux-x86_64-debian-clang 1.1 1.33 26.00 27.33 NOTE
r-devel-linux-x86_64-debian-gcc 1.1 0.76 24.02 24.78 NOTE
r-devel-linux-x86_64-fedora-clang 1.1 38.33 NOTE
r-devel-linux-x86_64-fedora-gcc 1.1 39.83 NOTE
r-devel-windows-ix86+x86_64 1.1 4.00 38.00 42.00 NOTE
r-patched-linux-x86_64 1.1 1.29 27.65 28.94 NOTE
r-patched-solaris-x86 1.1 56.50 NOTE
r-release-linux-x86_64 1.1 0.91 27.87 28.78 NOTE
r-release-windows-ix86+x86_64 1.1 4.00 50.00 54.00 NOTE
r-release-osx-x86_64 1.1 NOTE
r-oldrel-windows-ix86+x86_64 1.1 3.00 54.00 57.00 NOTE
r-oldrel-osx-x86_64 1.1 NOTE

Check Details

Version: 1.1
Check: R code for possible problems
Result: NOTE
    AUCRFcv: no visible global function definition for ‘predict’
    plot.AUCRF: no visible global function definition for ‘par’
    plot.AUCRF: no visible global function definition for ‘dotchart’
    plot.AUCRF: no visible global function definition for ‘title’
    plot.AUCRF: no visible global function definition for ‘text’
    Undefined global functions or variables:
     dotchart par predict text title
    Consider adding
     importFrom("graphics", "dotchart", "par", "text", "title")
     importFrom("stats", "predict")
    to your NAMESPACE file.
Flavors: r-devel-linux-x86_64-debian-clang, r-devel-linux-x86_64-debian-gcc, r-devel-linux-x86_64-fedora-clang, r-devel-linux-x86_64-fedora-gcc, r-devel-windows-ix86+x86_64, r-patched-linux-x86_64, r-patched-solaris-x86, r-release-linux-x86_64, r-release-windows-ix86+x86_64, r-release-osx-x86_64, r-oldrel-windows-ix86+x86_64, r-oldrel-osx-x86_64