CRAN Package Check Results for Package ActFrag

Last updated on 2021-03-05 13:48:16 CET.

Flavor Version Tinstall Tcheck Ttotal Status Flags
r-devel-linux-x86_64-debian-clang 0.1.1 12.49 105.63 118.12 OK
r-devel-linux-x86_64-debian-gcc 0.1.1 9.20 77.47 86.67 OK
r-devel-linux-x86_64-fedora-clang 0.1.1 147.59 NOTE
r-devel-linux-x86_64-fedora-gcc 0.1.1 133.68 NOTE
r-devel-windows-ix86+x86_64 0.1.1 26.00 122.00 148.00 OK
r-patched-linux-x86_64 0.1.1 OK
r-patched-solaris-x86 0.1.1 190.20 NOTE
r-release-linux-x86_64 0.1.1 8.12 99.43 107.55 OK
r-release-macos-x86_64 0.1.1 NOTE
r-release-windows-ix86+x86_64 0.1.1 19.00 91.00 110.00 OK
r-oldrel-macos-x86_64 0.1.1 NOTE
r-oldrel-windows-ix86+x86_64 0.1.1 14.00 86.00 100.00 OK

Check Details

Version: 0.1.1
Check: dependencies in R code
Result: NOTE
    Namespace in Imports field not imported from: ‘tidyr’
     All declared Imports should be used.
Flavors: r-devel-linux-x86_64-fedora-clang, r-devel-linux-x86_64-fedora-gcc, r-patched-solaris-x86, r-release-macos-x86_64, r-oldrel-macos-x86_64