CRAN Package Check Results for Package ActivePathways

Last updated on 2021-05-08 05:56:58 CEST.

Flavor Version Tinstall Tcheck Ttotal Status Flags
r-devel-linux-x86_64-debian-clang 1.0.2 5.86 88.32 94.18 NOTE
r-devel-linux-x86_64-debian-gcc 1.0.2 4.45 68.23 72.68 NOTE
r-devel-linux-x86_64-fedora-clang 1.0.2 121.17 NOTE
r-devel-linux-x86_64-fedora-gcc 1.0.2 110.49 NOTE
r-devel-windows-ix86+x86_64 1.0.2 15.00 116.00 131.00 NOTE
r-devel-windows-x86_64-gcc10-UCRT 1.0.2 NOTE
r-patched-linux-x86_64 1.0.2 5.03 84.56 89.59 NOTE
r-patched-solaris-x86 1.0.2 165.60 OK
r-release-linux-x86_64 1.0.2 5.46 86.80 92.26 OK
r-release-macos-x86_64 1.0.2 OK
r-release-windows-ix86+x86_64 1.0.2 11.00 85.00 96.00 OK
r-oldrel-macos-x86_64 1.0.2 ERROR
r-oldrel-windows-ix86+x86_64 1.0.2 11.00 104.00 115.00 OK

Check Details

Version: 1.0.2
Check: LazyData
Result: NOTE
     'LazyData' is specified without a 'data' directory
Flavors: r-devel-linux-x86_64-debian-clang, r-devel-linux-x86_64-debian-gcc, r-devel-linux-x86_64-fedora-clang, r-devel-linux-x86_64-fedora-gcc, r-devel-windows-ix86+x86_64, r-devel-windows-x86_64-gcc10-UCRT, r-patched-linux-x86_64

Version: 1.0.2
Check: package dependencies
Result: NOTE
    Package suggested but not available for checking: ‘EmpiricalBrownsMethod’
Flavor: r-oldrel-macos-x86_64

Version: 1.0.2
Check: tests
Result: ERROR
     Running ‘testthat.R’ [8s/8s]
    Running the tests in ‘tests/testthat.R’ failed.
    Last 13 lines of output:
     3. │ └─rlang::eval_bare(expr, quo_get_env(quo))
     4. └─base::apply(...)
     5. └─ActivePathways:::FUN(newX[, i], ...)
     6. └─EmpiricalBrownsMethod::empiricalBrownsMethod test_merge_p_values.r:44:46
     7. └─base::getExportedValue(pkg, name)
     8. └─base::asNamespace(ns)
     9. └─base::getNamespace(ns)
     10. └─base::loadNamespace(name)
     11. └─base::withRestarts(stop(cond), retry_loadNamespace = function() NULL)
     12. └─base:::withOneRestart(expr, restarts[[1L]])
     13. └─base:::doWithOneRestart(return(expr), restart)
    
     [ FAIL 1 | WARN 0 | SKIP 0 | PASS 71 ]
     Error: Test failures
     Execution halted
Flavor: r-oldrel-macos-x86_64