CRAN Package Check Results for Package AdMit

Last updated on 2021-01-25 00:47:51 CET.

Flavor Version Tinstall Tcheck Ttotal Status Flags
r-devel-linux-x86_64-debian-clang 2.1.5 3.51 49.02 52.53 OK
r-devel-linux-x86_64-debian-gcc 2.1.5 2.58 37.66 40.24 OK
r-devel-linux-x86_64-fedora-clang 2.1.5 72.28 NOTE
r-devel-linux-x86_64-fedora-gcc 2.1.5 66.70 NOTE
r-devel-windows-ix86+x86_64 2.1.5 10.00 83.00 93.00 OK
r-patched-linux-x86_64 2.1.5 3.20 47.02 50.22 OK
r-patched-solaris-x86 2.1.5 84.10 OK
r-release-linux-x86_64 2.1.5 3.25 46.53 49.78 WARN
r-release-macos-x86_64 2.1.5 OK
r-release-windows-ix86+x86_64 2.1.5 9.00 80.00 89.00 OK
r-oldrel-macos-x86_64 2.1.5 OK
r-oldrel-windows-ix86+x86_64 2.1.5 7.00 76.00 83.00 OK

Check Details

Version: 2.1.5
Check: compiled code
Result: NOTE
    File ‘AdMit/libs/AdMit.so’:
     Found no calls to: ‘R_registerRoutines’, ‘R_useDynamicSymbols’
    
    It is good practice to register native routines and to disable symbol
    search.
    
    See ‘Writing portable packages’ in the ‘Writing R Extensions’ manual.
Flavors: r-devel-linux-x86_64-fedora-clang, r-devel-linux-x86_64-fedora-gcc

Version: 2.1.5
Check: re-building of vignette outputs
Result: WARN
    Error(s) in re-building vignettes:
     ...
    --- re-building ‘AdMit.Rnw’ using Sweave
    Loading required package: mvtnorm
    Error: processing vignette 'AdMit.Rnw' failed with diagnostics:
    Running ‘texi2dvi’ on ‘AdMit.tex’ failed.
    LaTeX errors:
    ! Undefined control sequence.
    <recently read> \Hy@colorlink
    
    l.96 \begin{document}
    
    ! Undefined control sequence.
    \close@pdflink ->\Hy@endcolorlink
     \Hy@VerboseLinkStop \pdfendlink
    l.96 \begin{document}
    
    ! Undefined control sequence.
    <recently read> \Hy@colorlink
    
    l.96 \begin{document}
    
    ! Undefined control sequence.
    \close@pdflink ->\Hy@endcolorlink
     \Hy@VerboseLinkStop \pdfendlink
    l.96 \begin{document}
    
    --- failed re-building ‘AdMit.Rnw’
    
    SUMMARY: processing the following file failed:
     ‘AdMit.Rnw’
    
    Error: Vignette re-building failed.
    Execution halted
Flavor: r-release-linux-x86_64