CRAN Package Check Results for Package AdhereR

Last updated on 2019-01-23 09:50:11 CET.

Flavor Version Tinstall Tcheck Ttotal Status Flags
r-devel-linux-x86_64-debian-clang 0.3.1 9.12 93.47 102.59 OK
r-devel-linux-x86_64-debian-gcc 0.3.1 6.07 114.76 120.83 OK
r-devel-linux-x86_64-fedora-clang 0.3.1 98.76 OK
r-devel-linux-x86_64-fedora-gcc 0.3.1 101.20 OK
r-devel-windows-ix86+x86_64 0.3.1 20.00 122.00 142.00 OK
r-patched-linux-x86_64 0.3.1 8.36 102.68 111.04 OK
r-patched-solaris-x86 0.3.1 115.60 NOTE
r-release-linux-x86_64 0.3.1 6.73 100.90 107.63 OK
r-release-windows-ix86+x86_64 0.3.1 14.00 101.00 115.00 OK
r-release-osx-x86_64 0.3.1 OK
r-oldrel-windows-ix86+x86_64 0.3.1 10.00 122.00 132.00 OK
r-oldrel-osx-x86_64 0.3.1 OK

Check Details

Version: 0.3.1
Check: installed package size
Result: NOTE
     installed size is 5.4Mb
     sub-directories of 1Mb or more:
     doc 3.4Mb
Flavor: r-patched-solaris-x86