Last updated on 2022-07-01 00:49:29 CEST.
Flavor | Version | Tinstall | Tcheck | Ttotal | Status | Flags |
---|---|---|---|---|---|---|
r-devel-linux-x86_64-debian-clang | 1.2.5 | 22.59 | 205.63 | 228.22 | NOTE | |
r-devel-linux-x86_64-debian-gcc | 1.2.5 | 19.86 | 148.66 | 168.52 | NOTE | |
r-devel-linux-x86_64-fedora-clang | 1.2.5 | 296.85 | WARN | |||
r-devel-linux-x86_64-fedora-gcc | 1.2.5 | 279.21 | WARN | |||
r-devel-windows-x86_64 | 1.2.5 | 58.00 | 227.00 | 285.00 | NOTE | |
r-patched-linux-x86_64 | 1.2.5 | 29.41 | 194.45 | 223.86 | OK | |
r-release-linux-x86_64 | 1.2.5 | 20.54 | 195.61 | 216.15 | OK | |
r-release-macos-arm64 | 1.2.5 | 70.00 | OK | |||
r-release-macos-x86_64 | 1.2.5 | 96.00 | OK | |||
r-release-windows-x86_64 | 1.2.5 | 40.00 | 221.00 | 261.00 | OK | |
r-oldrel-macos-arm64 | 1.2.5 | 70.00 | OK | |||
r-oldrel-macos-x86_64 | 1.2.5 | 92.00 | OK | |||
r-oldrel-windows-ix86+x86_64 | 1.2.5 | 49.00 | 227.00 | 276.00 | OK |
Version: 1.2.5
Check: Rd files
Result: NOTE
checkRd: (-1) GP.Rd:113: Escaped LaTeX specials: \&
checkRd: (-1) asymptotic.Rd:97: Escaped LaTeX specials: \&
Flavors: r-devel-linux-x86_64-debian-clang, r-devel-linux-x86_64-debian-gcc, r-devel-linux-x86_64-fedora-clang, r-devel-linux-x86_64-fedora-gcc, r-devel-windows-x86_64
Version: 1.2.5
Check: package dependencies
Result: WARN
Requires (indirectly) orphaned package: ‘gtools’
Flavors: r-devel-linux-x86_64-fedora-clang, r-devel-linux-x86_64-fedora-gcc