CRAN Package Check Results for Package AlphaPart

Last updated on 2020-02-20 21:47:21 CET.

Flavor Version Tinstall Tcheck Ttotal Status Flags
r-devel-linux-x86_64-debian-clang 0.7.0 26.88 95.57 122.45 OK
r-devel-linux-x86_64-debian-gcc 0.7.0 18.14 70.62 88.76 OK
r-devel-linux-x86_64-fedora-clang 0.7.0 147.98 NOTE
r-devel-linux-x86_64-fedora-gcc 0.7.0 142.64 NOTE
r-devel-windows-ix86+x86_64 0.7.0 56.00 132.00 188.00 OK
r-devel-windows-ix86+x86_64-gcc8 0.7.0 78.00 192.00 270.00 OK
r-patched-linux-x86_64 0.7.0 20.01 79.60 99.61 OK
r-patched-solaris-x86 0.7.0 184.60 NOTE
r-release-linux-x86_64 0.7.0 19.11 78.82 97.93 OK
r-release-windows-ix86+x86_64 0.7.0 52.00 146.00 198.00 OK
r-release-osx-x86_64 0.7.0 NOTE
r-oldrel-windows-ix86+x86_64 0.7.0 41.00 120.00 161.00 OK
r-oldrel-osx-x86_64 0.7.0 NOTE

Check Details

Version: 0.7.0
Check: dependencies in R code
Result: NOTE
    Namespace in Imports field not imported from: ‘quadprog’
     All declared Imports should be used.
Flavors: r-devel-linux-x86_64-fedora-clang, r-devel-linux-x86_64-fedora-gcc, r-patched-solaris-x86, r-release-osx-x86_64, r-oldrel-osx-x86_64