CRAN Package Check Results for Package Amelia

Last updated on 2021-02-27 09:50:09 CET.

Flavor Version Tinstall Tcheck Ttotal Status Flags
r-devel-linux-x86_64-debian-clang 1.7.6 41.53 85.27 126.80 OK
r-devel-linux-x86_64-debian-gcc 1.7.6 29.29 65.41 94.70 OK
r-devel-linux-x86_64-fedora-clang 1.7.6 171.41 OK
r-devel-linux-x86_64-fedora-gcc 1.7.6 179.78 OK
r-devel-windows-ix86+x86_64 1.7.6 63.00 107.00 170.00 OK
r-patched-linux-x86_64 1.7.6 34.49 81.20 115.69 OK
r-patched-solaris-x86 1.7.6 182.50 OK
r-release-linux-x86_64 1.7.6 33.14 79.78 112.92 OK
r-release-macos-x86_64 1.7.6 NOTE
r-release-windows-ix86+x86_64 1.7.6 93.00 135.00 228.00 OK
r-oldrel-macos-x86_64 1.7.6 NOTE
r-oldrel-windows-ix86+x86_64 1.7.6 61.00 100.00 161.00 OK

Check Details

Version: 1.7.6
Check: package dependencies
Result: NOTE
    Package suggested but not available for checking: ‘Zelig’
Flavor: r-release-macos-x86_64

Version: 1.7.6
Check: installed package size
Result: NOTE
     installed size is 5.2Mb
     sub-directories of 1Mb or more:
     libs 3.8Mb
Flavors: r-release-macos-x86_64, r-oldrel-macos-x86_64

Version: 1.7.6
Check: dependencies in R code
Result: NOTE
    No protocol specified
    No protocol specified
Flavor: r-oldrel-macos-x86_64