CRAN Package Check Results for Package AmostraBrasil

Last updated on 2018-05-25 22:47:25 CEST.

Flavor Version Tinstall Tcheck Ttotal Status Flags
r-devel-linux-x86_64-debian-clang 1.2 3.29 37.54 40.83 OK
r-devel-linux-x86_64-debian-gcc 1.2 2.92 33.12 36.04 OK
r-devel-linux-x86_64-fedora-clang 1.2 48.92 NOTE
r-devel-linux-x86_64-fedora-gcc 1.2 47.59 NOTE
r-devel-windows-ix86+x86_64 1.2 5.00 96.00 101.00 OK
r-patched-linux-x86_64 1.2 2.22 33.72 35.94 OK
r-patched-solaris-x86 1.2 103.10 NOTE
r-release-linux-x86_64 1.2 2.37 33.68 36.05 OK
r-release-windows-ix86+x86_64 1.2 7.00 100.00 107.00 OK
r-release-osx-x86_64 1.2 NOTE
r-oldrel-windows-ix86+x86_64 1.2 6.00 140.00 146.00 ERROR
r-oldrel-osx-x86_64 1.2 NOTE

Check Details

Version: 1.2
Check: data for non-ASCII characters
Result: NOTE
     Note: found 2380 marked UTF-8 strings
Flavors: r-devel-linux-x86_64-fedora-clang, r-devel-linux-x86_64-fedora-gcc, r-patched-solaris-x86, r-release-osx-x86_64, r-oldrel-osx-x86_64