CRAN Package Check Results for Package AmostraBrasil

Last updated on 2018-11-15 13:47:26 CET.

Flavor Version Tinstall Tcheck Ttotal Status Flags
r-devel-linux-x86_64-debian-clang 1.2 2.79 38.95 41.74 OK
r-devel-linux-x86_64-debian-gcc 1.2 2.89 34.61 37.50 OK
r-devel-linux-x86_64-fedora-clang 1.2 50.53 NOTE
r-devel-linux-x86_64-fedora-gcc 1.2 52.98 NOTE
r-devel-windows-ix86+x86_64 1.2 6.00 61.00 67.00 OK
r-patched-linux-x86_64 1.2 2.46 33.57 36.03 OK
r-patched-solaris-x86 1.2 105.10 NOTE
r-release-linux-x86_64 1.2 2.29 33.28 35.57 OK
r-release-windows-ix86+x86_64 1.2 7.00 70.00 77.00 OK
r-release-osx-x86_64 1.2 NOTE
r-oldrel-windows-ix86+x86_64 1.2 7.00 69.00 76.00 OK
r-oldrel-osx-x86_64 1.2 NOTE

Check Details

Version: 1.2
Check: data for non-ASCII characters
Result: NOTE
     Note: found 2380 marked UTF-8 strings
Flavors: r-devel-linux-x86_64-fedora-clang, r-devel-linux-x86_64-fedora-gcc, r-patched-solaris-x86, r-release-osx-x86_64, r-oldrel-osx-x86_64