CRAN Package Check Results for Package AmostraBrasil

Last updated on 2018-08-19 22:53:04 CEST.

Flavor Version Tinstall Tcheck Ttotal Status Flags
r-devel-linux-x86_64-debian-clang 1.2 2.96 38.13 41.09 OK
r-devel-linux-x86_64-debian-gcc 1.2 2.90 34.44 37.34 OK
r-devel-linux-x86_64-fedora-clang 1.2 50.57 NOTE
r-devel-linux-x86_64-fedora-gcc 1.2 56.24 NOTE
r-devel-windows-ix86+x86_64 1.2 7.00 84.00 91.00 OK
r-patched-linux-x86_64 1.2 1.92 33.96 35.88 OK
r-patched-solaris-x86 1.2 100.00 NOTE
r-release-linux-x86_64 1.2 2.44 33.88 36.32 OK
r-release-windows-ix86+x86_64 1.2 8.00 65.00 73.00 OK
r-release-osx-x86_64 1.2 NOTE
r-oldrel-windows-ix86+x86_64 1.2 5.00 87.00 92.00 OK
r-oldrel-osx-x86_64 1.2 NOTE

Check Details

Version: 1.2
Check: data for non-ASCII characters
Result: NOTE
     Note: found 2380 marked UTF-8 strings
Flavors: r-devel-linux-x86_64-fedora-clang, r-devel-linux-x86_64-fedora-gcc, r-patched-solaris-x86, r-release-osx-x86_64, r-oldrel-osx-x86_64