CRAN Package Check Results for Package AmostraBrasil

Last updated on 2018-02-25 05:47:14 CET.

Flavor Version Tinstall Tcheck Ttotal Status Flags
r-devel-linux-x86_64-debian-clang 1.2 2.14 33.85 35.99 OK
r-devel-linux-x86_64-debian-gcc 1.2 2.73 30.42 33.15 OK
r-devel-linux-x86_64-fedora-clang 1.2 45.80 NOTE
r-devel-linux-x86_64-fedora-gcc 1.2 49.27 NOTE
r-devel-windows-ix86+x86_64 1.2 9.00 75.00 84.00 OK
r-patched-linux-x86_64 1.2 1.97 34.74 36.71 OK
r-patched-solaris-x86 1.2 89.60 NOTE
r-release-linux-x86_64 1.2 2.22 34.08 36.30 OK
r-release-windows-ix86+x86_64 1.2 4.00 68.00 72.00 OK
r-release-osx-x86_64 1.2 NOTE
r-oldrel-windows-ix86+x86_64 1.2 5.00 66.00 71.00 OK
r-oldrel-osx-x86_64 1.2 NOTE

Check Details

Version: 1.2
Check: data for non-ASCII characters
Result: NOTE
     Note: found 2380 marked UTF-8 strings
Flavors: r-devel-linux-x86_64-fedora-clang, r-devel-linux-x86_64-fedora-gcc, r-patched-solaris-x86, r-release-osx-x86_64, r-oldrel-osx-x86_64