CRAN Package Check Results for Package AmostraBrasil

Last updated on 2019-02-19 22:51:19 CET.

Flavor Version Tinstall Tcheck Ttotal Status Flags
r-devel-linux-x86_64-debian-clang 1.2 3.19 36.01 39.20 OK
r-devel-linux-x86_64-debian-gcc 1.2 2.83 31.97 34.80 OK
r-devel-linux-x86_64-fedora-clang 1.2 53.07 NOTE
r-devel-linux-x86_64-fedora-gcc 1.2 46.76 NOTE
r-devel-windows-ix86+x86_64 1.2 8.00 83.00 91.00 OK
r-patched-linux-x86_64 1.2 2.78 33.61 36.39 OK
r-patched-solaris-x86 1.2 95.10 NOTE
r-release-linux-x86_64 1.2 2.55 33.84 36.39 OK
r-release-windows-ix86+x86_64 1.2 4.00 82.00 86.00 OK
r-release-osx-x86_64 1.2 NOTE
r-oldrel-windows-ix86+x86_64 1.2 5.00 261.00 266.00 OK
r-oldrel-osx-x86_64 1.2 NOTE

Check Details

Version: 1.2
Check: data for non-ASCII characters
Result: NOTE
     Note: found 2380 marked UTF-8 strings
Flavors: r-devel-linux-x86_64-fedora-clang, r-devel-linux-x86_64-fedora-gcc, r-patched-solaris-x86, r-release-osx-x86_64, r-oldrel-osx-x86_64