CRAN Package Check Results for Package AnaCoDa

Last updated on 2024-02-29 23:52:45 CET.

Flavor Version Tinstall Tcheck Ttotal Status Flags
r-devel-linux-x86_64-debian-clang 0.1.4.4 308.82 250.24 559.06 NOTE
r-devel-linux-x86_64-debian-gcc 0.1.4.4 242.43 180.84 423.27 NOTE
r-devel-linux-x86_64-fedora-clang 0.1.4.4 763.64 NOTE
r-devel-linux-x86_64-fedora-gcc 0.1.4.4 574.51 NOTE
r-devel-windows-x86_64 0.1.4.4 212.00 229.00 441.00 NOTE
r-patched-linux-x86_64 0.1.4.4 290.32 242.39 532.71 NOTE
r-release-linux-x86_64 0.1.4.4 296.66 240.27 536.93 NOTE
r-release-macos-arm64 0.1.4.4 198.00 NOTE
r-release-macos-x86_64 0.1.4.4 338.00 NOTE
r-release-windows-x86_64 0.1.4.4 212.00 297.00 509.00 NOTE
r-oldrel-macos-arm64 0.1.4.4 182.00 NOTE
r-oldrel-windows-x86_64 0.1.4.4 277.00 276.00 553.00 NOTE

Check Details

Version: 0.1.4.4
Check: C++ specification
Result: NOTE Specified C++11: please drop specification unless essential Flavors: r-devel-linux-x86_64-debian-clang, r-devel-linux-x86_64-debian-gcc, r-devel-linux-x86_64-fedora-clang, r-devel-linux-x86_64-fedora-gcc, r-devel-windows-x86_64, r-patched-linux-x86_64, r-release-linux-x86_64, r-release-macos-arm64, r-release-macos-x86_64, r-release-windows-x86_64

Version: 0.1.4.4
Check: LazyData
Result: NOTE 'LazyData' is specified without a 'data' directory Flavors: r-devel-linux-x86_64-debian-clang, r-devel-linux-x86_64-debian-gcc, r-devel-linux-x86_64-fedora-clang, r-devel-linux-x86_64-fedora-gcc, r-devel-windows-x86_64, r-patched-linux-x86_64, r-release-linux-x86_64, r-release-macos-arm64, r-release-macos-x86_64, r-release-windows-x86_64, r-oldrel-macos-arm64, r-oldrel-windows-x86_64

Version: 0.1.4.4
Check: installed package size
Result: NOTE installed size is 27.3Mb sub-directories of 1Mb or more: libs 25.9Mb Flavors: r-release-macos-arm64, r-release-macos-x86_64, r-oldrel-macos-arm64