CRAN Package Check Results for Package AnglerCreelSurveySimulation

Last updated on 2018-02-23 20:48:28 CET.

Flavor Version Tinstall Tcheck Ttotal Status Flags
r-devel-linux-x86_64-debian-clang 1.0.0 2.32 39.23 41.55 OK
r-devel-linux-x86_64-debian-gcc 1.0.0 1.93 30.86 32.79 OK
r-devel-linux-x86_64-fedora-clang 1.0.0 52.21 OK
r-devel-linux-x86_64-fedora-gcc 1.0.0 54.78 OK
r-devel-windows-ix86+x86_64 1.0.0 6.00 74.00 80.00 OK
r-patched-linux-x86_64 1.0.0 1.67 45.30 46.97 OK
r-patched-solaris-x86 1.0.0 79.80 OK
r-release-linux-x86_64 1.0.0 1.74 44.47 46.21 OK
r-release-windows-ix86+x86_64 1.0.0 11.00 82.00 93.00 OK
r-release-osx-x86_64 1.0.0 OK
r-oldrel-windows-ix86+x86_64 1.0.0 5.00 50.00 55.00 OK
r-oldrel-osx-x86_64 0.2.1 NOTE

Check Details

Version: 0.2.1
Check: R code for possible problems
Result: NOTE
    GetTotalValues: no visible global function definition for ‘rgamma’
    GetTotalValues: no visible global function definition for ‘runif’
    MakeAnglers: no visible global function definition for ‘runif’
    MakeAnglers: no visible global function definition for ‘rgamma’
    Undefined global functions or variables:
     rgamma runif
    Consider adding
     importFrom("stats", "rgamma", "runif")
    to your NAMESPACE file.
Flavor: r-oldrel-osx-x86_64