CRAN Package Check Results for Package AnglerCreelSurveySimulation

Last updated on 2018-05-23 01:46:14 CEST.

Flavor Version Tinstall Tcheck Ttotal Status Flags
r-devel-linux-x86_64-debian-clang 1.0.2 2.56 44.10 46.66 OK
r-devel-linux-x86_64-debian-gcc 1.0.2 2.29 34.52 36.81 OK
r-devel-linux-x86_64-fedora-clang 1.0.2 57.53 OK
r-devel-linux-x86_64-fedora-gcc 1.0.2 57.99 OK
r-devel-windows-ix86+x86_64 1.0.2 2.00 20.00 22.00 ERROR
r-patched-linux-x86_64 1.0.2 2.35 40.50 42.85 OK
r-patched-solaris-x86 1.0.2 79.60 OK
r-release-linux-x86_64 1.0.2 1.63 39.88 41.51 OK
r-release-windows-ix86+x86_64 1.0.2 8.00 88.00 96.00 OK
r-release-osx-x86_64 1.0.2 OK
r-oldrel-windows-ix86+x86_64 1.0.2 11.00 79.00 90.00 OK
r-oldrel-osx-x86_64 1.0.2 OK

Check Details

Version: 1.0.2
Check: whether package can be installed
Result: ERROR
    Installation failed.
Flavor: r-devel-windows-ix86+x86_64