CRAN Package Check Results for Package AntAngioCOOL

Last updated on 2018-09-24 15:50:01 CEST.

Flavor Version Tinstall Tcheck Ttotal Status Flags
r-devel-linux-x86_64-debian-clang 1.2 36.31 243.69 280.00 OK
r-devel-linux-x86_64-debian-gcc 1.2 33.15 195.89 229.04 OK
r-devel-linux-x86_64-fedora-clang 1.2 343.50 NOTE
r-devel-linux-x86_64-fedora-gcc 1.2 345.10 OK
r-devel-windows-ix86+x86_64 1.2 76.00 291.00 367.00 NOTE
r-patched-linux-x86_64 1.2 33.97 211.71 245.68 OK
r-release-linux-x86_64 1.2 32.28 218.20 250.48 OK
r-release-windows-ix86+x86_64 1.2 71.00 288.00 359.00 NOTE
r-release-osx-x86_64 1.2 NOTE
r-oldrel-windows-ix86+x86_64 1.2 51.00 263.00 314.00 NOTE
r-oldrel-osx-x86_64 1.2 NOTE

Check Details

Version: 1.2
Check: installed package size
Result: NOTE
     installed size is 35.4Mb
     sub-directories of 1Mb or more:
     R 35.3Mb
Flavors: r-devel-linux-x86_64-fedora-clang, r-devel-windows-ix86+x86_64, r-release-windows-ix86+x86_64, r-release-osx-x86_64, r-oldrel-windows-ix86+x86_64, r-oldrel-osx-x86_64