CRAN Package Check Results for Package AntAngioCOOL

Last updated on 2018-06-20 17:48:25 CEST.

Flavor Version Tinstall Tcheck Ttotal Status Flags
r-devel-linux-x86_64-debian-clang 1.2 36.74 244.37 281.11 OK
r-devel-linux-x86_64-debian-gcc 1.2 32.73 189.98 222.71 OK
r-devel-linux-x86_64-fedora-clang 1.2 343.95 NOTE
r-devel-linux-x86_64-fedora-gcc 1.2 335.67 OK
r-devel-windows-ix86+x86_64 1.2 68.00 274.00 342.00 NOTE
r-patched-linux-x86_64 1.2 33.46 216.40 249.86 OK
r-release-linux-x86_64 1.2 32.55 213.12 245.67 OK
r-release-windows-ix86+x86_64 1.2 42.00 190.00 232.00 NOTE
r-release-osx-x86_64 1.2 NOTE
r-oldrel-windows-ix86+x86_64 1.2 52.00 180.00 232.00 NOTE
r-oldrel-osx-x86_64 1.2 NOTE

Check Details

Version: 1.2
Check: installed package size
Result: NOTE
     installed size is 35.4Mb
     sub-directories of 1Mb or more:
     R 35.3Mb
Flavors: r-devel-linux-x86_64-fedora-clang, r-devel-windows-ix86+x86_64, r-release-windows-ix86+x86_64, r-release-osx-x86_64, r-oldrel-windows-ix86+x86_64, r-oldrel-osx-x86_64