CRAN Package Check Results for Package AntAngioCOOL

Last updated on 2018-01-18 19:49:33 CET.

Flavor Version Tinstall Tcheck Ttotal Status Flags
r-devel-linux-x86_64-debian-clang 1.2 31.62 189.21 220.83 OK
r-devel-linux-x86_64-debian-gcc 1.2 27.80 165.34 193.14 OK
r-devel-linux-x86_64-fedora-clang 1.2 313.75 NOTE
r-devel-linux-x86_64-fedora-gcc 1.2 332.85 NOTE
r-devel-windows-ix86+x86_64 1.2 43.00 187.00 230.00 NOTE
r-patched-linux-x86_64 1.2 33.44 221.29 254.73 OK
r-patched-solaris-x86 1.2 3.60 ERROR
r-release-linux-x86_64 1.2 32.50 216.31 248.81 OK
r-release-windows-ix86+x86_64 1.2 50.00 184.00 234.00 NOTE
r-release-osx-x86_64 1.2 NOTE
r-oldrel-windows-ix86+x86_64 1.2 50.00 166.00 216.00 NOTE
r-oldrel-osx-x86_64 1.2 NOTE

Check Details

Version: 1.2
Check: installed package size
Result: NOTE
     installed size is 35.4Mb
     sub-directories of 1Mb or more:
     R 35.3Mb
Flavors: r-devel-linux-x86_64-fedora-clang, r-devel-linux-x86_64-fedora-gcc, r-devel-windows-ix86+x86_64, r-release-windows-ix86+x86_64, r-release-osx-x86_64, r-oldrel-windows-ix86+x86_64, r-oldrel-osx-x86_64

Version: 1.2
Check: package dependencies
Result: ERROR
    Package required but not available: ‘RWeka’
    
    See section ‘The DESCRIPTION file’ in the ‘Writing R Extensions’
    manual.
Flavor: r-patched-solaris-x86