CRAN Package Check Results for Package AntAngioCOOL

Last updated on 2018-12-18 14:47:10 CET.

Flavor Version Tinstall Tcheck Ttotal Status Flags
r-devel-linux-x86_64-debian-clang 1.2 32.16 193.99 226.15 OK
r-devel-linux-x86_64-debian-gcc 1.2 27.96 153.98 181.94 OK
r-devel-linux-x86_64-fedora-clang 1.2 277.57 NOTE
r-devel-linux-x86_64-fedora-gcc 1.2 280.61 OK
r-devel-windows-ix86+x86_64 1.2 59.00 228.00 287.00 NOTE
r-patched-linux-x86_64 1.2 32.74 187.41 220.15 OK
r-release-linux-x86_64 1.2 29.31 187.94 217.25 OK
r-release-windows-ix86+x86_64 1.2 58.00 231.00 289.00 NOTE
r-release-osx-x86_64 1.2 NOTE
r-oldrel-windows-ix86+x86_64 1.2 62.00 243.00 305.00 NOTE
r-oldrel-osx-x86_64 1.2 NOTE

Check Details

Version: 1.2
Check: installed package size
Result: NOTE
     installed size is 35.4Mb
     sub-directories of 1Mb or more:
     R 35.3Mb
Flavors: r-devel-linux-x86_64-fedora-clang, r-devel-windows-ix86+x86_64, r-release-windows-ix86+x86_64, r-release-osx-x86_64, r-oldrel-windows-ix86+x86_64, r-oldrel-osx-x86_64