CRAN Package Check Results for Package Anthropometry

Last updated on 2018-02-19 21:49:21 CET.

Flavor Version Tinstall Tcheck Ttotal Status Flags
r-devel-linux-x86_64-debian-clang 1.9 8.97 83.01 91.98 NOTE
r-devel-linux-x86_64-debian-gcc 1.9 8.16 72.06 80.22 NOTE
r-devel-linux-x86_64-fedora-clang 1.9 122.31 NOTE
r-devel-linux-x86_64-fedora-gcc 1.9 121.05 NOTE
r-devel-windows-ix86+x86_64 1.9 19.00 133.00 152.00 OK
r-patched-linux-x86_64 1.9 4.45 100.63 105.08 OK
r-patched-solaris-x86 1.9 149.70 OK
r-release-linux-x86_64 1.9 5.06 101.35 106.41 OK
r-release-windows-ix86+x86_64 1.9 25.00 197.00 222.00 OK
r-release-osx-x86_64 1.9 WARN
r-oldrel-windows-ix86+x86_64 1.9 28.00 204.00 232.00 OK
r-oldrel-osx-x86_64 1.9 OK

Additional issues

rchk

Check Details

Version: 1.9
Check: DESCRIPTION meta-information
Result: NOTE
    Dependence on R version ‘3.3.2’ not with patchlevel 0
Flavors: r-devel-linux-x86_64-debian-clang, r-devel-linux-x86_64-debian-gcc, r-devel-linux-x86_64-fedora-clang, r-devel-linux-x86_64-fedora-gcc

Version: 1.9
Check: re-building of vignette outputs
Result: WARN
    Error in re-building vignettes:
     ...
    Warning: running command 'kpsewhich framed.sty' had status 1
    Warning in test_latex_pkg("framed", system.file("misc", "framed.sty", package = "knitr")) :
     unable to find LaTeX package 'framed'; will use a copy from knitr
    Error in texi2dvi(file = file, pdf = TRUE, clean = clean, quiet = quiet, :
     Running 'texi2dvi' on 'Anthropometry.tex' failed.
    LaTeX errors:
    ! LaTeX Error: File `enumitem.sty' not found.
    
    Type X to quit or <RETURN> to proceed,
    or enter new name. (Default extension: sty)
    
    ! Emergency stop.
    <read *>
    
    l.53 \usepackage
     {algorithm2e}^^M
    ! ==> Fatal error occurred, no output PDF file produced!
    Calls: buildVignettes -> texi2pdf -> texi2dvi
    Execution halted
Flavor: r-release-osx-x86_64