CRAN Package Check Results for Package ArchaeoPhases

Last updated on 2018-02-24 06:47:14 CET.

Flavor Version Tinstall Tcheck Ttotal Status Flags
r-devel-linux-x86_64-debian-clang 1.3 4.32 137.56 141.88 OK
r-devel-linux-x86_64-debian-gcc 1.3 3.98 110.18 114.16 OK
r-devel-linux-x86_64-fedora-clang 1.3 167.90 NOTE
r-devel-linux-x86_64-fedora-gcc 1.3 171.65 NOTE
r-devel-windows-ix86+x86_64 1.3 14.00 194.00 208.00 OK
r-patched-linux-x86_64 1.3 2.77 140.45 143.22 OK
r-patched-solaris-x86 1.3 227.80 NOTE
r-release-linux-x86_64 1.3 3.03 141.63 144.66 OK
r-release-windows-ix86+x86_64 1.3 15.00 201.00 216.00 OK
r-release-osx-x86_64 1.3 NOTE
r-oldrel-windows-ix86+x86_64 1.3 9.00 137.00 146.00 OK
r-oldrel-osx-x86_64 1.3 NOTE

Check Details

Version: 1.3
Check: dependencies in R code
Result: NOTE
    Namespace in Imports field not imported from: ‘DT’
     All declared Imports should be used.
Flavors: r-devel-linux-x86_64-fedora-clang, r-devel-linux-x86_64-fedora-gcc, r-patched-solaris-x86, r-release-osx-x86_64, r-oldrel-osx-x86_64