CRAN Package Check Results for Package ArchaeoPhases

Last updated on 2019-09-19 13:46:04 CEST.

Flavor Version Tinstall Tcheck Ttotal Status Flags
r-devel-linux-x86_64-debian-clang 1.4 7.41 149.71 157.12 NOTE
r-devel-linux-x86_64-debian-gcc 1.4 6.36 110.57 116.93 NOTE
r-devel-linux-x86_64-fedora-clang 1.4 184.70 NOTE
r-devel-linux-x86_64-fedora-gcc 1.4 173.86 NOTE
r-devel-windows-ix86+x86_64 1.4 27.00 217.00 244.00 OK
r-patched-linux-x86_64 1.4 8.11 138.96 147.07 OK
r-patched-solaris-x86 1.4 275.20 NOTE
r-release-linux-x86_64 1.4 7.18 139.88 147.06 OK
r-release-windows-ix86+x86_64 1.4 18.00 148.00 166.00 OK
r-release-osx-x86_64 1.4 NOTE
r-oldrel-windows-ix86+x86_64 1.4 12.00 142.00 154.00 OK
r-oldrel-osx-x86_64 1.4 NOTE

Check Details

Version: 1.4
Check: for non-standard things in the check directory
Result: NOTE
    Found the following files/directories:
     'CharacteristicsOfPhase.svg' 'Characteristics_Event.2.svg'
     'MinMaxPhases.csv' 'MultiPhasePlot.png' 'MultiSuccessionPlot.svg'
     'Succession.png' 'data.csv' 'fishpond_MCMC.csv'
Flavors: r-devel-linux-x86_64-debian-clang, r-devel-linux-x86_64-debian-gcc, r-devel-linux-x86_64-fedora-clang, r-devel-linux-x86_64-fedora-gcc

Version: 1.4
Check: dependencies in R code
Result: NOTE
    Namespace in Imports field not imported from: ‘DT’
     All declared Imports should be used.
Flavors: r-devel-linux-x86_64-fedora-clang, r-devel-linux-x86_64-fedora-gcc, r-patched-solaris-x86, r-release-osx-x86_64, r-oldrel-osx-x86_64