CRAN Package Check Results for Package ArchaeoPhases

Last updated on 2024-02-22 00:58:23 CET.

Flavor Version Tinstall Tcheck Ttotal Status Flags
r-devel-linux-x86_64-debian-clang 1.8 NOTE
r-devel-linux-x86_64-debian-gcc 1.8 11.80 172.64 184.44 NOTE
r-devel-linux-x86_64-fedora-clang 1.8 308.82 NOTE
r-devel-linux-x86_64-fedora-gcc 1.8 319.42 NOTE
r-devel-windows-x86_64 1.8 15.00 210.00 225.00 NOTE
r-patched-linux-x86_64 1.8 10.66 223.40 234.06 OK
r-release-linux-x86_64 1.8 11.27 219.68 230.95 OK
r-release-macos-arm64 1.8 100.00 NOTE
r-release-macos-x86_64 1.8 174.00 NOTE
r-release-windows-x86_64 1.8 20.00 263.00 283.00 NOTE
r-oldrel-macos-arm64 1.8 84.00 NOTE
r-oldrel-windows-x86_64 1.8 22.00 247.00 269.00 NOTE

Check Details

Version: 1.8
Check: Rd files
Result: NOTE checkRd: (-1) MultiPhasesTransition.Rd:23: Lost braces 23 | code{position_minimum}.} | ^ Flavors: r-devel-linux-x86_64-debian-clang, r-devel-linux-x86_64-debian-gcc, r-devel-linux-x86_64-fedora-clang, r-devel-linux-x86_64-fedora-gcc

Version: 1.8
Check: installed package size
Result: NOTE installed size is 7.2Mb sub-directories of 1Mb or more: doc 5.8Mb Flavors: r-devel-linux-x86_64-fedora-clang, r-devel-windows-x86_64, r-release-macos-arm64, r-release-macos-x86_64, r-release-windows-x86_64, r-oldrel-macos-arm64, r-oldrel-windows-x86_64

Version: 1.8
Check: Rd cross-references
Result: NOTE Undeclared package ‘RCurl’ in Rd xrefs Flavor: r-devel-linux-x86_64-fedora-clang