CRAN Package Check Results for Package ArchaeoPhases

Last updated on 2021-04-23 08:47:15 CEST.

Flavor Version Tinstall Tcheck Ttotal Status Flags
r-devel-linux-x86_64-debian-clang 1.5 10.19 159.32 169.51 OK
r-devel-linux-x86_64-debian-gcc 1.5 9.38 125.45 134.83 OK
r-devel-linux-x86_64-fedora-clang 1.5 207.68 NOTE
r-devel-linux-x86_64-fedora-gcc 1.5 203.14 NOTE
r-devel-windows-ix86+x86_64 1.5 24.00 209.00 233.00 OK
r-devel-windows-x86_64-gcc10-UCRT 1.5 NOTE
r-patched-linux-x86_64 1.5 11.01 155.25 166.26 OK
r-patched-solaris-x86 1.5 312.90 NOTE
r-release-linux-x86_64 1.5 10.66 153.09 163.75 OK
r-release-macos-x86_64 1.5 NOTE
r-release-windows-ix86+x86_64 1.5 21.00 188.00 209.00 OK
r-oldrel-macos-x86_64 1.5 NOTE
r-oldrel-windows-ix86+x86_64 1.5 22.00 201.00 223.00 OK

Check Details

Version: 1.5
Check: dependencies in R code
Result: NOTE
    Namespaces in Imports field not imported from:
     ‘DT’ ‘ggthemes’ ‘shinythemes’ ‘tibble’
     All declared Imports should be used.
Flavors: r-devel-linux-x86_64-fedora-clang, r-devel-linux-x86_64-fedora-gcc, r-devel-windows-x86_64-gcc10-UCRT, r-patched-solaris-x86, r-release-macos-x86_64, r-oldrel-macos-x86_64

Version: 1.5
Check: installed package size
Result: NOTE
     installed size is 5.0Mb
     sub-directories of 1Mb or more:
     doc 3.4Mb
Flavor: r-patched-solaris-x86