CRAN Package Check Results for Package ArchaeoPhases

Last updated on 2019-02-21 07:48:27 CET.

Flavor Version Tinstall Tcheck Ttotal Status Flags
r-devel-linux-x86_64-debian-clang 1.4 6.39 160.75 167.14 OK
r-devel-linux-x86_64-debian-gcc 1.4 4.45 119.03 123.48 OK
r-devel-linux-x86_64-fedora-clang 1.4 196.53 NOTE
r-devel-linux-x86_64-fedora-gcc 1.4 178.33 NOTE
r-devel-windows-ix86+x86_64 1.4 17.00 237.00 254.00 OK
r-patched-linux-x86_64 1.4 OK
r-patched-solaris-x86 1.4 283.90 NOTE
r-release-linux-x86_64 1.4 OK
r-release-windows-ix86+x86_64 1.4 11.00 225.00 236.00 OK
r-release-osx-x86_64 1.4 NOTE
r-oldrel-windows-ix86+x86_64 1.4 10.00 180.00 190.00 OK
r-oldrel-osx-x86_64 1.4 NOTE

Check Details

Version: 1.4
Check: dependencies in R code
Result: NOTE
    Namespace in Imports field not imported from: ‘DT’
     All declared Imports should be used.
Flavors: r-devel-linux-x86_64-fedora-clang, r-devel-linux-x86_64-fedora-gcc, r-patched-solaris-x86, r-release-osx-x86_64, r-oldrel-osx-x86_64