CRAN Package Check Results for Package ArchaeoPhases

Last updated on 2018-11-21 14:47:22 CET.

Flavor Version Tinstall Tcheck Ttotal Status Flags
r-devel-linux-x86_64-debian-clang 1.3 4.67 152.44 157.11 OK
r-devel-linux-x86_64-debian-gcc 1.3 4.73 113.34 118.07 OK
r-devel-linux-x86_64-fedora-clang 1.3 183.30 NOTE
r-devel-linux-x86_64-fedora-gcc 1.3 186.27 NOTE
r-devel-windows-ix86+x86_64 1.3 17.00 220.00 237.00 OK
r-patched-linux-x86_64 1.3 4.32 137.83 142.15 OK
r-patched-solaris-x86 1.3 266.70 NOTE
r-release-linux-x86_64 1.3 4.05 139.21 143.26 OK
r-release-windows-ix86+x86_64 1.3 10.00 186.00 196.00 OK
r-release-osx-x86_64 1.3 NOTE
r-oldrel-windows-ix86+x86_64 1.3 10.00 166.00 176.00 OK
r-oldrel-osx-x86_64 1.3 NOTE

Check Details

Version: 1.3
Check: dependencies in R code
Result: NOTE
    Namespace in Imports field not imported from: ‘DT’
     All declared Imports should be used.
Flavors: r-devel-linux-x86_64-fedora-clang, r-devel-linux-x86_64-fedora-gcc, r-patched-solaris-x86, r-release-osx-x86_64, r-oldrel-osx-x86_64