CRAN Package Check Results for Package ArchaeoPhases

Last updated on 2018-08-21 10:50:15 CEST.

Flavor Version Tinstall Tcheck Ttotal Status Flags
r-devel-linux-x86_64-debian-clang 1.3 5.81 146.54 152.35 OK
r-devel-linux-x86_64-debian-gcc 1.3 4.10 112.86 116.96 OK
r-devel-linux-x86_64-fedora-clang 1.3 179.58 NOTE
r-devel-linux-x86_64-fedora-gcc 1.3 186.39 NOTE
r-devel-windows-ix86+x86_64 1.3 19.00 224.00 243.00 OK
r-patched-linux-x86_64 1.3 4.50 139.55 144.05 OK
r-patched-solaris-x86 1.3 269.60 NOTE
r-release-linux-x86_64 1.3 5.39 139.40 144.79 OK
r-release-windows-ix86+x86_64 1.3 20.00 170.00 190.00 OK
r-release-osx-x86_64 1.3 NOTE
r-oldrel-windows-ix86+x86_64 1.3 9.00 216.00 225.00 OK
r-oldrel-osx-x86_64 1.3 NOTE

Check Details

Version: 1.3
Check: dependencies in R code
Result: NOTE
    Namespace in Imports field not imported from: ‘DT’
     All declared Imports should be used.
Flavors: r-devel-linux-x86_64-fedora-clang, r-devel-linux-x86_64-fedora-gcc, r-patched-solaris-x86, r-release-osx-x86_64, r-oldrel-osx-x86_64