CRAN Package Check Results for Package ArchaeoPhases

Last updated on 2020-02-27 17:50:49 CET.

Flavor Version Tinstall Tcheck Ttotal Status Flags
r-devel-linux-x86_64-debian-clang 1.4 8.40 161.17 169.57 NOTE
r-devel-linux-x86_64-debian-gcc 1.4 7.16 117.33 124.49 NOTE
r-devel-linux-x86_64-fedora-clang 1.4 213.69 NOTE
r-devel-linux-x86_64-fedora-gcc 1.4 189.75 NOTE
r-devel-windows-ix86+x86_64 1.4 19.00 152.00 171.00 OK
r-devel-windows-ix86+x86_64-gcc8 1.4 21.00 183.00 204.00 OK
r-patched-linux-x86_64 1.4 7.40 140.34 147.74 OK
r-patched-solaris-x86 1.4 282.50 NOTE
r-release-linux-x86_64 1.4 6.22 138.49 144.71 OK
r-release-windows-ix86+x86_64 1.4 15.00 153.00 168.00 OK
r-release-osx-x86_64 1.4 NOTE
r-oldrel-windows-ix86+x86_64 1.4 9.00 162.00 171.00 OK
r-oldrel-osx-x86_64 1.4 NOTE

Check Details

Version: 1.4
Check: for non-standard things in the check directory
Result: NOTE
    Found the following files/directories:
     'CharacteristicsOfPhase.svg' 'Characteristics_Event.2.svg'
     'MinMaxPhases.csv' 'MultiPhasePlot.png' 'MultiSuccessionPlot.svg'
     'Succession.png' 'data.csv' 'fishpond_MCMC.csv'
Flavors: r-devel-linux-x86_64-debian-clang, r-devel-linux-x86_64-debian-gcc, r-devel-linux-x86_64-fedora-clang, r-devel-linux-x86_64-fedora-gcc

Version: 1.4
Check: dependencies in R code
Result: NOTE
    Namespace in Imports field not imported from: ‘DT’
     All declared Imports should be used.
Flavors: r-devel-linux-x86_64-fedora-clang, r-devel-linux-x86_64-fedora-gcc, r-patched-solaris-x86, r-release-osx-x86_64, r-oldrel-osx-x86_64