Last updated on 2023-04-01 02:50:15 CEST.
Flavor | Version | Tinstall | Tcheck | Ttotal | Status | Flags |
---|---|---|---|---|---|---|
r-devel-linux-x86_64-debian-clang | 1.22.1-2 | 2.54 | 16.99 | 19.53 | OK | |
r-devel-linux-x86_64-debian-gcc | 1.22.1-2 | 2.17 | 13.18 | 15.35 | OK | |
r-devel-linux-x86_64-fedora-clang | 1.22.1-2 | 25.90 | NOTE | |||
r-devel-linux-x86_64-fedora-gcc | 1.22.1-2 | 23.50 | OK | |||
r-devel-windows-x86_64 | 1.22.1-2 | 729.00 | 73.00 | 802.00 | NOTE | |
r-patched-linux-x86_64 | 1.22.1-2 | 2.68 | 16.20 | 18.88 | OK | |
r-release-linux-x86_64 | 1.22.1-2 | 2.39 | 17.01 | 19.40 | OK | |
r-release-macos-arm64 | 1.22.1-2 | 14.00 | NOTE | |||
r-release-macos-x86_64 | 1.22.1-2 | 21.00 | NOTE | |||
r-release-windows-x86_64 | 1.22.1-2 | 122.00 | 60.00 | 182.00 | NOTE | |
r-oldrel-macos-arm64 | 1.22.1-2 | 21.00 | NOTE | |||
r-oldrel-macos-x86_64 | 1.22.1-2 | 24.00 | NOTE | |||
r-oldrel-windows-ix86+x86_64 | 1.22.1-2 | 12.00 | 43.00 | 55.00 | NOTE |
Version: 1.22.1-2
Check: installed package size
Result: NOTE
installed size is 6.6Mb
sub-directories of 1Mb or more:
include 6.5Mb
Flavors: r-devel-linux-x86_64-fedora-clang, r-devel-windows-x86_64, r-release-macos-arm64, r-release-macos-x86_64, r-release-windows-x86_64, r-oldrel-macos-arm64, r-oldrel-macos-x86_64, r-oldrel-windows-ix86+x86_64