CRAN Package Check Results for Package AutoDeskR

Last updated on 2018-05-20 20:47:33 CEST.

Flavor Version Tinstall Tcheck Ttotal Status Flags
r-devel-linux-x86_64-debian-clang 0.1.3 1.74 29.34 31.08 OK
r-devel-linux-x86_64-debian-gcc 0.1.3 1.84 23.31 25.15 OK
r-devel-linux-x86_64-fedora-clang 0.1.3 39.14 OK
r-devel-linux-x86_64-fedora-gcc 0.1.3 37.92 OK
r-devel-windows-ix86+x86_64 0.1.3 5.00 47.00 52.00 OK
r-patched-linux-x86_64 0.1.3 2.48 27.34 29.82 OK
r-patched-solaris-x86 0.1.3 57.70 OK
r-release-linux-x86_64 0.1.3 2.24 27.21 29.45 OK
r-release-windows-ix86+x86_64 0.1.3 5.00 46.00 51.00 OK
r-release-osx-x86_64 0.1.3 OK
r-oldrel-windows-ix86+x86_64 0.1.3 2.00 9.00 11.00 ERROR
r-oldrel-osx-x86_64 0.1.3 OK

Check Details

Version: 0.1.3
Check: whether package can be installed
Result: ERROR
    Installation failed.
Flavor: r-oldrel-windows-ix86+x86_64