Last updated on 2025-01-19 07:49:54 CET.
Flavor | Version | Tinstall | Tcheck | Ttotal | Status | Flags |
---|---|---|---|---|---|---|
r-devel-linux-x86_64-debian-clang | 0.1.6 | 19.69 | 158.56 | 178.25 | OK | |
r-devel-linux-x86_64-debian-gcc | 0.1.6 | 12.98 | 113.58 | 126.56 | OK | |
r-devel-linux-x86_64-fedora-clang | 0.1.6 | 295.14 | OK | |||
r-devel-linux-x86_64-fedora-gcc | 0.1.6 | 282.81 | OK | |||
r-devel-windows-x86_64 | 0.1.6 | 19.00 | 140.00 | 159.00 | OK | |
r-patched-linux-x86_64 | 0.1.6 | 16.43 | 144.93 | 161.36 | OK | |
r-release-linux-x86_64 | 0.1.6 | 17.72 | 147.01 | 164.73 | OK | |
r-release-macos-arm64 | 0.1.6 | 73.00 | OK | |||
r-release-macos-x86_64 | 0.1.6 | 113.00 | OK | |||
r-release-windows-x86_64 | 0.1.6 | 19.00 | 139.00 | 158.00 | OK | |
r-oldrel-macos-arm64 | 0.1.6 | 6.00 | ERROR | |||
r-oldrel-macos-x86_64 | 0.1.6 | 134.00 | OK | |||
r-oldrel-windows-x86_64 | 0.1.6 | 25.00 | 183.00 | 208.00 | OK |
Version: 0.1.6
Check: package dependencies
Result: ERROR
Packages required but not available: 'siggenes', 'clusterProfiler'
See section ‘The DESCRIPTION file’ in the ‘Writing R Extensions’
manual.
Flavor: r-oldrel-macos-arm64