Last updated on 2022-05-25 07:50:15 CEST.
Flavor | Version | Tinstall | Tcheck | Ttotal | Status | Flags |
---|---|---|---|---|---|---|
r-devel-linux-x86_64-debian-clang | 0.0.2 | 4.97 | 148.38 | 153.35 | OK | |
r-devel-linux-x86_64-debian-gcc | 0.0.2 | 4.05 | 106.42 | 110.47 | OK | |
r-devel-linux-x86_64-fedora-clang | 0.0.2 | 174.84 | NOTE | |||
r-devel-linux-x86_64-fedora-gcc | 0.0.2 | 179.90 | NOTE | |||
r-devel-windows-x86_64 | 0.0.2 | 36.00 | 172.00 | 208.00 | OK | |
r-patched-linux-x86_64 | 0.0.2 | 4.82 | 137.07 | 141.89 | OK | |
r-release-linux-x86_64 | 0.0.2 | OK | ||||
r-release-macos-arm64 | 0.0.2 | 52.00 | NOTE | |||
r-release-macos-x86_64 | 0.0.2 | 84.00 | NOTE | |||
r-release-windows-x86_64 | 0.0.2 | 41.00 | 164.00 | 205.00 | OK | |
r-oldrel-macos-arm64 | 0.0.2 | 34.00 | NOTE | |||
r-oldrel-macos-x86_64 | 0.0.2 | 62.00 | NOTE | |||
r-oldrel-windows-ix86+x86_64 | 0.0.2 | 11.00 | 164.00 | 175.00 | OK |
Version: 0.0.2
Check: dependencies in R code
Result: NOTE
Namespaces in Imports field not imported from:
‘readxl’ ‘reshape2’ ‘stringr’ ‘tidyr’
All declared Imports should be used.
Flavors: r-devel-linux-x86_64-fedora-clang, r-devel-linux-x86_64-fedora-gcc, r-release-macos-arm64, r-release-macos-x86_64, r-oldrel-macos-arm64, r-oldrel-macos-x86_64