CRAN Package Check Results for Package AzureGraph

Last updated on 2019-09-23 14:47:17 CEST.

Flavor Version Tinstall Tcheck Ttotal Status Flags
r-devel-linux-x86_64-debian-clang 1.0.4 7.06 24.65 31.71 OK
r-devel-linux-x86_64-debian-gcc 1.0.4 5.27 19.66 24.93 OK
r-devel-linux-x86_64-fedora-clang 1.0.4 39.37 NOTE
r-devel-linux-x86_64-fedora-gcc 1.0.4 39.13 NOTE
r-devel-windows-ix86+x86_64 1.0.4 19.00 53.00 72.00 OK
r-patched-linux-x86_64 1.0.3 6.63 24.19 30.82 OK
r-patched-solaris-x86 1.0.4 58.20 NOTE
r-release-linux-x86_64 1.0.4 6.48 24.77 31.25 OK
r-release-windows-ix86+x86_64 1.0.4 11.00 42.00 53.00 OK
r-release-osx-x86_64 1.0.4 NOTE
r-oldrel-windows-ix86+x86_64 1.0.4 8.00 36.00 44.00 OK
r-oldrel-osx-x86_64 1.0.4 NOTE

Check Details

Version: 1.0.4
Check: dependencies in R code
Result: NOTE
    Namespace in Imports field not imported from: ‘openssl’
     All declared Imports should be used.
Flavors: r-devel-linux-x86_64-fedora-clang, r-devel-linux-x86_64-fedora-gcc, r-patched-solaris-x86, r-release-osx-x86_64, r-oldrel-osx-x86_64