CRAN Package Check Results for Package AzureKeyVault

Last updated on 2020-02-20 21:47:21 CET.

Flavor Version Tinstall Tcheck Ttotal Status Flags
r-devel-linux-x86_64-debian-clang 1.0.3 11.41 30.44 41.85 OK
r-devel-linux-x86_64-debian-gcc 1.0.3 10.32 24.57 34.89 OK
r-devel-linux-x86_64-fedora-clang 1.0.3 52.53 NOTE
r-devel-linux-x86_64-fedora-gcc 1.0.3 51.22 NOTE
r-devel-windows-ix86+x86_64 1.0.3 17.00 46.00 63.00 OK
r-devel-windows-ix86+x86_64-gcc8 1.0.3 20.00 58.00 78.00 OK
r-patched-linux-x86_64 1.0.3 8.25 27.66 35.91 OK
r-patched-solaris-x86 1.0.3 68.70 NOTE
r-release-linux-x86_64 1.0.3 8.13 27.74 35.87 OK
r-release-windows-ix86+x86_64 1.0.3 13.00 44.00 57.00 OK
r-release-osx-x86_64 1.0.3 NOTE
r-oldrel-windows-ix86+x86_64 1.0.3 10.00 38.00 48.00 OK
r-oldrel-osx-x86_64 1.0.3 NOTE

Check Details

Version: 1.0.3
Check: dependencies in R code
Result: NOTE
    Namespaces in Imports field not imported from:
     ‘R6’ ‘jose’ ‘openssl’
     All declared Imports should be used.
Flavors: r-devel-linux-x86_64-fedora-clang, r-devel-linux-x86_64-fedora-gcc, r-patched-solaris-x86, r-release-osx-x86_64, r-oldrel-osx-x86_64