CRAN Package Check Results for Package BACA

Last updated on 2018-08-21 16:50:14 CEST.

Flavor Version Tinstall Tcheck Ttotal Status Flags
r-devel-linux-x86_64-debian-clang 1.3 18.22 242.91 261.13 OK
r-devel-linux-x86_64-debian-gcc 1.3 16.77 192.12 208.89 OK
r-devel-linux-x86_64-fedora-clang 1.3 314.63 OK
r-devel-linux-x86_64-fedora-gcc 1.3 321.72 OK
r-devel-windows-ix86+x86_64 1.3 43.00 299.00 342.00 OK --no-vignettes
r-patched-linux-x86_64 1.3 13.98 186.45 200.43 OK
r-patched-solaris-x86 1.3 382.10 OK --no-vignettes
r-release-linux-x86_64 1.3 15.64 183.25 198.89 OK
r-release-windows-ix86+x86_64 1.3 35.00 171.00 206.00 OK --no-vignettes
r-release-osx-x86_64 1.3 OK
r-oldrel-windows-ix86+x86_64 1.3 27.00 243.00 270.00 OK --no-vignettes
r-oldrel-osx-x86_64 1.3 ERROR

Check Details

Version: 1.3
Check: whether package can be installed
Result: ERROR
    Installation failed.
Flavor: r-oldrel-osx-x86_64