CRAN Package Check Results for Package BACA

Last updated on 2018-02-24 18:48:47 CET.

Flavor Version Tinstall Tcheck Ttotal Status Flags
r-devel-linux-x86_64-debian-clang 1.3 15.74 180.16 195.90 OK
r-devel-linux-x86_64-debian-gcc 1.3 7.90 142.47 150.37 OK
r-devel-windows-ix86+x86_64 1.3 30.00 153.00 183.00 OK --no-vignettes
r-patched-linux-x86_64 1.3 14.65 180.42 195.07 OK
r-patched-solaris-x86 1.3 331.10 OK --no-vignettes
r-release-linux-x86_64 1.3 12.19 179.90 192.09 OK
r-release-windows-ix86+x86_64 1.3 35.00 245.00 280.00 OK --no-vignettes
r-release-osx-x86_64 1.3 ERROR
r-oldrel-windows-ix86+x86_64 1.3 24.00 221.00 245.00 OK --no-vignettes
r-oldrel-osx-x86_64 1.3 OK

Check Details

Version: 1.3
Check: package dependencies
Result: ERROR
    Package required but not available: ‘RDAVIDWebService’
    
    See section ‘The DESCRIPTION file’ in the ‘Writing R Extensions’
    manual.
Flavor: r-release-osx-x86_64