CRAN Package Check Results for Package BACA

Last updated on 2018-05-22 15:48:19 CEST.

Flavor Version Tinstall Tcheck Ttotal Status Flags
r-devel-linux-x86_64-debian-clang 1.3 19.71 227.86 247.57 OK
r-devel-linux-x86_64-debian-gcc 1.3 15.18 178.07 193.25 OK
r-devel-linux-x86_64-fedora-clang 1.3 311.48 OK
r-devel-linux-x86_64-fedora-gcc 1.3 315.11 OK
r-devel-windows-ix86+x86_64 1.3 29.00 271.00 300.00 OK --no-vignettes
r-patched-linux-x86_64 1.3 13.03 174.95 187.98 OK
r-patched-solaris-x86 1.3 360.40 OK --no-vignettes
r-release-linux-x86_64 1.3 12.64 171.77 184.41 OK
r-release-windows-ix86+x86_64 1.3 37.00 219.00 256.00 OK --no-vignettes
r-release-osx-x86_64 1.3 OK
r-oldrel-windows-ix86+x86_64 1.3 36.00 251.00 287.00 OK --no-vignettes
r-oldrel-osx-x86_64 1.3 ERROR

Check Details

Version: 1.3
Check: whether package can be installed
Result: ERROR
    Installation failed.
Flavor: r-oldrel-osx-x86_64