CRAN Package Check Results for Package BACA

Last updated on 2019-02-15 20:46:38 CET.

Flavor Version Tinstall Tcheck Ttotal Status Flags
r-devel-linux-x86_64-debian-clang 1.3 14.04 195.89 209.93 OK
r-devel-linux-x86_64-debian-gcc 1.3 10.41 152.40 162.81 OK
r-devel-linux-x86_64-fedora-clang 1.3 277.99 OK
r-devel-linux-x86_64-fedora-gcc 1.3 250.92 OK
r-devel-windows-ix86+x86_64 1.3 34.00 203.00 237.00 WARN --no-vignettes
r-patched-linux-x86_64 1.3 14.76 192.62 207.38 OK
r-patched-solaris-x86 1.3 367.60 OK --no-vignettes
r-release-linux-x86_64 1.3 12.56 187.51 200.07 OK
r-release-windows-ix86+x86_64 1.3 23.00 254.00 277.00 WARN --no-vignettes
r-release-osx-x86_64 1.3 OK
r-oldrel-windows-ix86+x86_64 1.3 42.00 281.00 323.00 WARN --no-vignettes
r-oldrel-osx-x86_64 1.3 ERROR

Check Details

Version: 1.3
Flags: --no-vignettes
Check: whether package can be installed
Result: WARN
    Found the following significant warnings:
     Warning: S3 methods '[.fun_list', '[.grouped_df', 'all.equal.tbl_df', 'anti_join.data.frame', 'anti_join.tbl_df', 'arrange.data.frame', 'arrange.default', 'arrange.grouped_df', 'arrange.tbl_df', 'arrange_.data.frame', 'arrange_.tbl_df', 'as.data.frame.grouped_df', 'as.data.frame.rowwise_df', 'as.data.frame.tbl_cube', 'as.table.tbl_cube', 'as.tbl.data.frame', 'as.tbl.tbl', 'as.tbl_cube.array', 'as.tbl_cube.data.frame', 'as.tbl_cube.matrix', 'as.tbl_cube.table', 'as_tibble.grouped_df', 'as_tibble.tbl_cube', 'auto_copy.tbl_cube', 'auto_copy.tbl_df', 'cbind.grouped_df', 'collapse.data.frame', 'collect.data.frame', 'common_by.NULL', 'common_by.character', 'common_by.default', 'common_by.list', 'compute.data.frame', 'copy_to.DBIConnection', 'copy_to.src_local', 'default_missing.data.frame', 'default_missing.default', 'dim.tbl_cube', 'distinct.data.frame', 'distinct.default', 'distinct.grouped_df', 'distinct.tbl_df', 'distinct_.data.frame', 'distinct_.grouped_df', 'distinct_.tbl_df', 'do.NULL', 'do.da [... truncated]
Flavors: r-devel-windows-ix86+x86_64, r-release-windows-ix86+x86_64, r-oldrel-windows-ix86+x86_64

Version: 1.3
Check: whether package can be installed
Result: ERROR
    Installation failed.
Flavor: r-oldrel-osx-x86_64