CRAN Package Check Results for Package BACA

Last updated on 2018-11-14 18:47:42 CET.

Flavor Version Tinstall Tcheck Ttotal Status Flags
r-devel-linux-x86_64-debian-clang 1.3 19.31 247.38 266.69 OK
r-devel-linux-x86_64-debian-gcc 1.3 15.49 191.93 207.42 OK
r-devel-linux-x86_64-fedora-clang 1.3 315.66 OK
r-devel-linux-x86_64-fedora-gcc 1.3 304.52 OK
r-devel-windows-ix86+x86_64 1.3 30.00 301.00 331.00 OK --no-vignettes
r-patched-linux-x86_64 1.3 12.21 184.91 197.12 OK
r-patched-solaris-x86 1.3 367.60 OK --no-vignettes
r-release-linux-x86_64 1.3 13.62 183.56 197.18 OK
r-release-windows-ix86+x86_64 1.3 38.00 168.00 206.00 OK --no-vignettes
r-release-osx-x86_64 1.3 OK
r-oldrel-windows-ix86+x86_64 1.3 38.00 175.00 213.00 OK --no-vignettes
r-oldrel-osx-x86_64 1.3 ERROR

Check Details

Version: 1.3
Check: whether package can be installed
Result: ERROR
    Installation failed.
Flavor: r-oldrel-osx-x86_64