CRAN Package Check Results for Package BACCT

Last updated on 2024-06-13 15:48:13 CEST.

Flavor Version Tinstall Tcheck Ttotal Status Flags
r-devel-linux-x86_64-debian-clang 1.0 6.20 52.80 59.00 NOTE
r-devel-linux-x86_64-debian-gcc 1.0 0.32 1.56 1.88 ERROR
r-devel-linux-x86_64-fedora-clang 1.0 75.63 NOTE
r-devel-linux-x86_64-fedora-gcc 1.0 69.06 NOTE
r-devel-windows-x86_64 1.0 6.00 58.00 64.00 NOTE
r-patched-linux-x86_64 1.0 6.34 51.27 57.61 NOTE
r-release-linux-x86_64 1.0 4.93 50.21 55.14 NOTE
r-release-macos-arm64 1.0 25.00 NOTE
r-release-macos-x86_64 1.0 47.00 NOTE
r-release-windows-x86_64 1.0 8.00 61.00 69.00 NOTE
r-oldrel-macos-arm64 1.0 26.00 NOTE
r-oldrel-macos-x86_64 1.0 37.00 NOTE
r-oldrel-windows-x86_64 1.0 8.00 65.00 73.00 NOTE

Check Details

Version: 1.0
Check: LazyData
Result: NOTE 'LazyData' is specified without a 'data' directory Flavors: r-devel-linux-x86_64-debian-clang, r-devel-linux-x86_64-fedora-clang, r-devel-linux-x86_64-fedora-gcc, r-devel-windows-x86_64, r-patched-linux-x86_64, r-release-linux-x86_64, r-release-macos-arm64, r-release-macos-x86_64, r-release-windows-x86_64, r-oldrel-macos-arm64, r-oldrel-macos-x86_64, r-oldrel-windows-x86_64

Version: 1.0
Check: package dependencies
Result: ERROR Packages required but not available: 'ggplot2', 'reshape2' See section ‘The DESCRIPTION file’ in the ‘Writing R Extensions’ manual. Flavor: r-devel-linux-x86_64-debian-gcc