CRAN Package Check Results for Package BAGofT

Last updated on 2024-04-18 21:56:45 CEST.

Flavor Version Tinstall Tcheck Ttotal Status Flags
r-devel-linux-x86_64-debian-clang 1.0.0 2.66 25.88 28.54 OK
r-devel-linux-x86_64-debian-gcc 1.0.0 1.98 20.06 22.04 OK
r-devel-linux-x86_64-fedora-clang 1.0.0 35.91 OK
r-devel-linux-x86_64-fedora-gcc 1.0.0 37.18 OK
r-prerel-macos-arm64 1.0.0 17.00 OK
r-prerel-windows-x86_64 1.0.0 4.00 42.00 46.00 OK
r-patched-linux-x86_64 1.0.0 2.32 25.13 27.45 OK
r-release-linux-x86_64 1.0.0 2.02 25.50 27.52 OK
r-release-macos-arm64 1.0.0 18.00 OK
r-release-macos-x86_64 1.0.0 21.00 NOTE
r-release-windows-x86_64 1.0.0 3.00 42.00 45.00 OK
r-oldrel-macos-arm64 1.0.0 18.00 OK
r-oldrel-windows-x86_64 1.0.0 4.00 45.00 49.00 OK

Check Details

Version: 1.0.0
Check: package dependencies
Result: NOTE Package suggested but not available for checking: ‘xgboost’ Flavor: r-release-macos-x86_64