CRAN Package Check Results for Package BALLI

Last updated on 2020-02-27 17:50:49 CET.

Flavor Version Tinstall Tcheck Ttotal Status Flags
r-devel-linux-x86_64-debian-clang 0.2.0 4.82 122.05 126.87 OK
r-devel-linux-x86_64-debian-gcc 0.2.0 3.89 89.80 93.69 OK
r-devel-linux-x86_64-fedora-clang 0.2.0 150.44 OK
r-devel-linux-x86_64-fedora-gcc 0.2.0 142.38 OK
r-devel-windows-ix86+x86_64 0.2.0 14.00 117.00 131.00 OK
r-devel-windows-ix86+x86_64-gcc8 0.2.0 14.00 135.00 149.00 OK
r-patched-linux-x86_64 0.2.0 3.71 103.46 107.17 OK
r-patched-solaris-x86 0.2.0 184.30 OK
r-release-linux-x86_64 0.2.0 4.43 105.65 110.08 OK
r-release-windows-ix86+x86_64 0.2.0 10.00 120.00 130.00 OK
r-release-osx-x86_64 0.2.0 WARN
r-oldrel-windows-ix86+x86_64 0.2.0 6.00 115.00 121.00 OK
r-oldrel-osx-x86_64 0.2.0 OK

Check Details

Version: 0.2.0
Check: whether package can be installed
Result: WARN
    Found the following significant warnings:
     Warning: package ‘edgeR’ was built under R version 3.6.1
Flavor: r-release-osx-x86_64