Last updated on 2023-12-08 09:52:07 CET.
Flavor | Version | Tinstall | Tcheck | Ttotal | Status | Flags |
---|---|---|---|---|---|---|
r-devel-linux-x86_64-debian-clang | 0.2.0 | 6.12 | 126.59 | 132.71 | NOTE | |
r-devel-linux-x86_64-debian-gcc | 0.2.0 | 5.00 | 96.04 | 101.04 | NOTE | |
r-devel-linux-x86_64-fedora-clang | 0.2.0 | 160.24 | NOTE | |||
r-devel-linux-x86_64-fedora-gcc | 0.2.0 | 169.27 | NOTE | |||
r-devel-windows-x86_64 | 0.2.0 | 5.00 | 111.00 | 116.00 | NOTE | |
r-patched-linux-x86_64 | 0.2.0 | 6.66 | 125.94 | 132.60 | NOTE | |
r-release-linux-x86_64 | 0.2.0 | 6.23 | 123.19 | 129.42 | NOTE | |
r-release-macos-arm64 | 0.2.0 | 52.00 | NOTE | |||
r-release-macos-x86_64 | 0.2.0 | 100.00 | NOTE | |||
r-release-windows-x86_64 | 0.2.0 | 8.00 | 132.00 | 140.00 | NOTE | |
r-oldrel-macos-arm64 | 0.2.0 | 44.00 | NOTE | |||
r-oldrel-macos-x86_64 | 0.2.0 | 65.00 | NOTE | |||
r-oldrel-windows-x86_64 | 0.2.0 | 9.00 | 142.00 | 151.00 | NOTE |
Version: 0.2.0
Check: LazyData
Result: NOTE
'LazyData' is specified without a 'data' directory
Flavors: r-devel-linux-x86_64-debian-clang, r-devel-linux-x86_64-debian-gcc, r-devel-linux-x86_64-fedora-clang, r-devel-linux-x86_64-fedora-gcc, r-devel-windows-x86_64, r-patched-linux-x86_64, r-release-linux-x86_64, r-release-macos-arm64, r-release-macos-x86_64, r-release-windows-x86_64, r-oldrel-macos-arm64, r-oldrel-macos-x86_64, r-oldrel-windows-x86_64