CRAN Package Check Results for Package BALLI

Last updated on 2019-09-19 09:47:46 CEST.

Flavor Version Tinstall Tcheck Ttotal Status Flags
r-devel-linux-x86_64-debian-clang 0.2.0 4.03 110.69 114.72 OK
r-devel-linux-x86_64-debian-gcc 0.2.0 3.87 81.24 85.11 OK
r-devel-linux-x86_64-fedora-clang 0.2.0 130.75 OK
r-devel-linux-x86_64-fedora-gcc 0.2.0 130.62 OK
r-devel-windows-ix86+x86_64 0.2.0 16.00 117.00 133.00 OK
r-patched-linux-x86_64 0.2.0 4.67 104.47 109.14 OK
r-patched-solaris-x86 0.2.0 177.50 OK
r-release-linux-x86_64 0.2.0 4.29 104.66 108.95 OK
r-release-windows-ix86+x86_64 0.2.0 9.00 107.00 116.00 OK
r-release-osx-x86_64 0.2.0 ERROR
r-oldrel-windows-ix86+x86_64 0.2.0 1.00 6.00 7.00 ERROR
r-oldrel-osx-x86_64 0.2.0 OK

Check Details

Version: 0.2.0
Check: package dependencies
Result: ERROR
    Packages required but not available: 'edgeR', 'limma'
    
    See section ‘The DESCRIPTION file’ in the ‘Writing R Extensions’
    manual.
Flavor: r-release-osx-x86_64

Version: 0.2.0
Check: whether package can be installed
Result: ERROR
    Installation failed.
Flavor: r-oldrel-windows-ix86+x86_64