Last updated on 2021-01-25 01:46:45 CET.
Flavor | Version | Tinstall | Tcheck | Ttotal | Status | Flags |
---|---|---|---|---|---|---|
r-devel-linux-x86_64-debian-clang | 2.3.0 | 124.70 | 131.27 | 255.97 | OK | |
r-devel-linux-x86_64-debian-gcc | 2.3.0 | 84.38 | 99.74 | 184.12 | OK | |
r-devel-linux-x86_64-fedora-clang | 2.3.0 | 334.37 | NOTE | |||
r-devel-linux-x86_64-fedora-gcc | 2.3.0 | 333.44 | NOTE | |||
r-devel-windows-ix86+x86_64 | 2.3.0 | 275.00 | 244.00 | 519.00 | OK | |
r-patched-linux-x86_64 | 2.3.0 | 100.37 | 120.89 | 221.26 | OK | |
r-patched-solaris-x86 | 2.3.0 | 347.90 | NOTE | |||
r-release-linux-x86_64 | 2.3.0 | 103.51 | 122.04 | 225.55 | OK | |
r-release-macos-x86_64 | 2.3.0 | NOTE | ||||
r-release-windows-ix86+x86_64 | 2.3.0 | 214.00 | 239.00 | 453.00 | OK | |
r-oldrel-macos-x86_64 | 2.3.0 | NOTE | ||||
r-oldrel-windows-ix86+x86_64 | 2.3.0 | 214.00 | 193.00 | 407.00 | OK |
Version: 2.3.0
Check: dependencies in R code
Result: NOTE
Namespace in Imports field not imported from: ‘stats4’
All declared Imports should be used.
Flavors: r-devel-linux-x86_64-fedora-clang, r-devel-linux-x86_64-fedora-gcc, r-patched-solaris-x86, r-release-macos-x86_64
Version: 2.3.0
Check: dependencies in R code
Result: NOTE
No protocol specified
No protocol specified
Namespace in Imports field not imported from: ‘stats4’
All declared Imports should be used.
Flavor: r-oldrel-macos-x86_64