Last updated on 2022-06-27 14:53:37 CEST.
Flavor | Version | Tinstall | Tcheck | Ttotal | Status | Flags |
---|---|---|---|---|---|---|
r-devel-linux-x86_64-debian-clang | 2.3.3 | 117.71 | 146.12 | 263.83 | OK | |
r-devel-linux-x86_64-debian-gcc | 2.3.3 | 93.31 | 108.14 | 201.45 | OK | |
r-devel-linux-x86_64-fedora-clang | 2.3.3 | 360.92 | WARN | |||
r-devel-linux-x86_64-fedora-gcc | 2.3.3 | 336.49 | WARN | |||
r-devel-windows-x86_64 | 2.3.3 | 117.00 | 191.00 | 308.00 | OK | |
r-patched-linux-x86_64 | 2.3.3 | 106.32 | 140.51 | 246.83 | OK | |
r-release-linux-x86_64 | 2.3.3 | 100.34 | 140.68 | 241.02 | OK | |
r-release-macos-arm64 | 2.3.3 | 74.00 | NOTE | |||
r-release-macos-x86_64 | 2.3.3 | 116.00 | NOTE | |||
r-release-windows-x86_64 | 2.3.3 | 117.00 | 198.00 | 315.00 | OK | |
r-oldrel-macos-arm64 | 2.3.3 | 88.00 | NOTE | |||
r-oldrel-macos-x86_64 | 2.3.3 | 111.00 | NOTE | |||
r-oldrel-windows-ix86+x86_64 | 2.3.3 | 276.00 | 243.00 | 519.00 | OK |
Version: 2.3.3
Check: package dependencies
Result: WARN
Requires orphaned package: ‘gtools’
Flavors: r-devel-linux-x86_64-fedora-clang, r-devel-linux-x86_64-fedora-gcc
Version: 2.3.3
Check: dependencies in R code
Result: NOTE
Namespace in Imports field not imported from: ‘stats4’
All declared Imports should be used.
Flavors: r-devel-linux-x86_64-fedora-clang, r-devel-linux-x86_64-fedora-gcc, r-release-macos-arm64, r-release-macos-x86_64, r-oldrel-macos-arm64, r-oldrel-macos-x86_64
Version: 2.3.3
Check: installed package size
Result: NOTE
installed size is 5.7Mb
sub-directories of 1Mb or more:
libs 5.1Mb
Flavor: r-oldrel-macos-arm64