CRAN Package Check Results for Package BANFF

Last updated on 2018-02-25 05:47:15 CET.

Flavor Version Tinstall Tcheck Ttotal Status Flags
r-devel-linux-x86_64-debian-clang 2.0 6.70 66.85 73.55 WARN
r-devel-linux-x86_64-debian-gcc 2.0 6.78 52.61 59.39 WARN
r-devel-linux-x86_64-fedora-clang 2.0 93.07 WARN
r-devel-linux-x86_64-fedora-gcc 2.0 101.58 WARN
r-devel-windows-ix86+x86_64 2.0 16.00 106.00 122.00 WARN
r-patched-linux-x86_64 2.0 3.95 69.14 73.09 OK
r-patched-solaris-x86 2.0 132.60 OK
r-release-linux-x86_64 2.0 3.44 68.36 71.80 OK
r-release-windows-ix86+x86_64 2.0 14.00 101.00 115.00 OK
r-release-osx-x86_64 2.0 OK
r-oldrel-windows-ix86+x86_64 2.0 8.00 75.00 83.00 OK
r-oldrel-osx-x86_64 2.0 OK

Check Details

Version: 2.0
Check: whether package can be installed
Result: WARN
    Found the following significant warnings:
     Note: break may be used in wrong context: no loop is visible
Flavors: r-devel-linux-x86_64-debian-clang, r-devel-linux-x86_64-debian-gcc, r-devel-linux-x86_64-fedora-clang, r-devel-linux-x86_64-fedora-gcc, r-devel-windows-ix86+x86_64