CRAN Package Check Results for Package BANOVA

Last updated on 2018-05-25 22:47:26 CEST.

Flavor Version Tinstall Tcheck Ttotal Status Flags
r-devel-linux-x86_64-debian-clang 1.1.1 1124.69 94.26 1218.95 OK
r-devel-linux-x86_64-debian-gcc 1.1.1 1106.95 75.08 1182.03 OK
r-devel-linux-x86_64-fedora-clang 1.1.1 1839.51 NOTE
r-devel-linux-x86_64-fedora-gcc 1.1.1 1909.02 NOTE
r-devel-windows-ix86+x86_64 1.1.1 2190.00 142.00 2332.00 NOTE
r-patched-linux-x86_64 1.1.1 1256.70 91.41 1348.11 OK
r-patched-solaris-x86 1.1.1 1521.20 NOTE
r-release-linux-x86_64 1.1.1 1266.06 89.30 1355.36 OK
r-release-windows-ix86+x86_64 1.1.1 2920.00 186.00 3106.00 NOTE
r-release-osx-x86_64 1.1.1 ERROR
r-oldrel-windows-ix86+x86_64 1.1.1 2876.00 146.00 3022.00 NOTE
r-oldrel-osx-x86_64 1.1.1 NOTE

Check Details

Version: 1.1.1
Check: installed package size
Result: NOTE
     installed size is 103.4Mb
     sub-directories of 1Mb or more:
     libs 102.6Mb
Flavors: r-devel-linux-x86_64-fedora-clang, r-devel-linux-x86_64-fedora-gcc, r-devel-windows-ix86+x86_64, r-patched-solaris-x86, r-release-windows-ix86+x86_64, r-oldrel-windows-ix86+x86_64, r-oldrel-osx-x86_64

Version: 1.1.1
Check: whether package can be installed
Result: ERROR
    Installation failed.
Flavor: r-release-osx-x86_64