CRAN Package Check Results for Package BANOVA

Last updated on 2019-02-17 21:47:25 CET.

Flavor Version Tinstall Tcheck Ttotal Status Flags
r-devel-linux-x86_64-debian-clang 1.1.2 1247.90 107.54 1355.44 OK
r-devel-linux-x86_64-debian-gcc 1.1.2 1266.62 85.70 1352.32 OK
r-devel-linux-x86_64-fedora-clang 1.1.2 2135.49 NOTE
r-devel-linux-x86_64-fedora-gcc 1.1.2 2141.56 OK
r-devel-windows-ix86+x86_64 1.1.2 3095.00 207.00 3302.00 NOTE
r-patched-linux-x86_64 1.1.2 1451.30 100.11 1551.41 OK
r-patched-solaris-x86 1.1.2 1635.80 NOTE
r-release-linux-x86_64 1.1.2 OK
r-release-windows-ix86+x86_64 1.1.2 2333.00 150.00 2483.00 NOTE
r-release-osx-x86_64 1.1.2 NOTE
r-oldrel-windows-ix86+x86_64 1.1.2 2530.00 180.00 2710.00 NOTE
r-oldrel-osx-x86_64 1.1.2 NOTE

Check Details

Version: 1.1.2
Check: installed package size
Result: NOTE
     installed size is 106.8Mb
     sub-directories of 1Mb or more:
     libs 106.0Mb
Flavors: r-devel-linux-x86_64-fedora-clang, r-devel-windows-ix86+x86_64, r-patched-solaris-x86, r-release-windows-ix86+x86_64, r-release-osx-x86_64, r-oldrel-windows-ix86+x86_64, r-oldrel-osx-x86_64