CRAN Package Check Results for Package BANOVA

Last updated on 2018-11-17 15:47:16 CET.

Flavor Version Tinstall Tcheck Ttotal Status Flags
r-devel-linux-x86_64-debian-clang 1.1.1 1323.96 99.63 1423.59 OK
r-devel-linux-x86_64-debian-gcc 1.1.1 1348.79 80.13 1428.92 OK
r-devel-linux-x86_64-fedora-clang 1.1.1 2057.23 NOTE
r-devel-linux-x86_64-fedora-gcc 1.1.1 2146.51 OK
r-devel-windows-ix86+x86_64 1.1.1 3070.00 238.00 3308.00 WARN
r-patched-linux-x86_64 1.1.1 1514.43 96.25 1610.68 OK
r-patched-solaris-x86 1.1.1 1624.70 NOTE
r-release-linux-x86_64 1.1.1 1548.76 97.19 1645.95 OK
r-release-windows-ix86+x86_64 1.1.1 3135.00 244.00 3379.00 WARN
r-release-osx-x86_64 1.1.1 ERROR
r-oldrel-windows-ix86+x86_64 1.1.1 3097.00 230.00 3327.00 WARN
r-oldrel-osx-x86_64 1.1.1 NOTE

Check Details

Version: 1.1.1
Check: installed package size
Result: NOTE
     installed size is 111.4Mb
     sub-directories of 1Mb or more:
     libs 110.6Mb
Flavors: r-devel-linux-x86_64-fedora-clang, r-devel-windows-ix86+x86_64, r-patched-solaris-x86, r-release-windows-ix86+x86_64, r-oldrel-windows-ix86+x86_64, r-oldrel-osx-x86_64

Version: 1.1.1
Check: whether package can be installed
Result: WARN
    Found the following significant warnings:
     WARNING: Rtools is required to build R packages, but is not currently installed.
Flavors: r-devel-windows-ix86+x86_64, r-release-windows-ix86+x86_64, r-oldrel-windows-ix86+x86_64

Version: 1.1.1
Check: whether package can be installed
Result: ERROR
    Installation failed.
Flavor: r-release-osx-x86_64