CRAN Package Check Results for Package BANOVA

Last updated on 2020-02-20 21:47:22 CET.

Flavor Version Tinstall Tcheck Ttotal Status Flags
r-devel-linux-x86_64-debian-clang 1.1.6 20.46 127.63 148.09 OK
r-devel-linux-x86_64-debian-gcc 1.1.6 17.48 94.29 111.77 OK
r-devel-linux-x86_64-fedora-clang 1.1.6 173.57 OK
r-devel-linux-x86_64-fedora-gcc 1.1.6 170.23 OK
r-devel-windows-ix86+x86_64 1.1.6 36.00 125.00 161.00 OK
r-devel-windows-ix86+x86_64-gcc8 1.1.6 46.00 174.00 220.00 OK
r-patched-linux-x86_64 1.1.6 16.68 110.64 127.32 OK
r-patched-solaris-x86 1.1.6 212.10 OK
r-release-linux-x86_64 1.1.6 16.80 109.82 126.62 OK
r-release-windows-ix86+x86_64 1.1.6 28.00 6.00 34.00 ERROR
r-release-osx-x86_64 1.1.6 OK
r-oldrel-windows-ix86+x86_64 1.1.6 24.00 141.00 165.00 OK
r-oldrel-osx-x86_64 1.1.6 OK

Check Details

Version: 1.1.6
Check: whether package can be installed
Result: ERROR
    Installation failed.
Flavor: r-release-windows-ix86+x86_64