CRAN Package Check Results for Package BANOVA

Last updated on 2018-02-25 20:46:34 CET.

Flavor Version Tinstall Tcheck Ttotal Status Flags
r-devel-linux-x86_64-debian-clang 1.1.1 1179.81 91.24 1271.05 OK
r-devel-linux-x86_64-debian-gcc 1.1.1 976.11 72.44 1048.55 OK
r-devel-linux-x86_64-fedora-clang 1.1.1 1854.04 NOTE
r-devel-linux-x86_64-fedora-gcc 1.1.1 1985.96 NOTE
r-devel-windows-ix86+x86_64 1.1.1 2782.00 183.00 2965.00 NOTE
r-patched-linux-x86_64 1.1.1 1023.57 105.82 1129.39 OK
r-patched-solaris-x86 1.1.1 1469.00 NOTE
r-release-linux-x86_64 1.1.1 1165.16 104.58 1269.74 OK
r-release-windows-ix86+x86_64 1.1.1 2497.00 198.00 2695.00 NOTE
r-release-osx-x86_64 1.1.1 NOTE
r-oldrel-windows-ix86+x86_64 1.1.1 2269.00 135.00 2404.00 NOTE
r-oldrel-osx-x86_64 1.1.0 NOTE

Check Details

Version: 1.1.1
Check: installed package size
Result: NOTE
     installed size is 103.4Mb
     sub-directories of 1Mb or more:
     libs 102.6Mb
Flavors: r-devel-linux-x86_64-fedora-clang, r-devel-linux-x86_64-fedora-gcc, r-devel-windows-ix86+x86_64, r-patched-solaris-x86, r-release-windows-ix86+x86_64, r-release-osx-x86_64, r-oldrel-windows-ix86+x86_64

Version: 1.1.0
Check: installed package size
Result: NOTE
     installed size is 16.7Mb
     sub-directories of 1Mb or more:
     libs 16.3Mb
Flavor: r-oldrel-osx-x86_64