CRAN Package Check Results for Package BART

Last updated on 2018-08-21 06:49:57 CEST.

Flavor Version Tinstall Tcheck Ttotal Status Flags
r-devel-linux-x86_64-debian-clang 1.9 126.01 294.06 420.07 OK
r-devel-linux-x86_64-debian-gcc 1.9 107.59 239.44 347.03 OK
r-devel-linux-x86_64-fedora-clang 1.9 343.93 NOTE
r-devel-linux-x86_64-fedora-gcc 1.9 357.30 OK
r-devel-windows-ix86+x86_64 1.9 345.00 535.00 880.00 NOTE
r-patched-linux-x86_64 1.9 142.09 287.52 429.61 OK
r-patched-solaris-x86 1.9 340.70 WARN
r-release-linux-x86_64 1.9 137.32 288.23 425.55 OK
r-release-windows-ix86+x86_64 1.9 332.00 519.00 851.00 NOTE
r-release-osx-x86_64 1.9 WARN
r-oldrel-windows-ix86+x86_64 1.9 240.00 415.00 655.00 NOTE
r-oldrel-osx-x86_64 1.9 WARN

Check Details

Version: 1.9
Check: installed package size
Result: NOTE
     installed size is 6.2Mb
     sub-directories of 1Mb or more:
     data 3.1Mb
     doc 1.6Mb
Flavors: r-devel-linux-x86_64-fedora-clang, r-devel-windows-ix86+x86_64, r-patched-solaris-x86, r-release-windows-ix86+x86_64, r-release-osx-x86_64, r-oldrel-windows-ix86+x86_64, r-oldrel-osx-x86_64

Version: 1.9
Check: re-building of vignette outputs
Result: WARN
    Error in re-building vignettes:
     ...
    Warning in engine$weave(file, quiet = quiet, encoding = enc) :
     Pandoc (>= 1.12.3) and/or pandoc-citeproc not available. Falling back to R Markdown v1.
    Loading required package: survival
    Quitting from lines 127-155 (hwbart.Rmd)
    Error: processing vignette 'hwbart.Rmd' failed with diagnostics:
    argument is of length zero
    Execution halted
Flavors: r-patched-solaris-x86, r-release-osx-x86_64, r-oldrel-osx-x86_64