CRAN Package Check Results for Package BART

Last updated on 2018-02-23 12:47:07 CET.

Flavor Version Tinstall Tcheck Ttotal Status Flags
r-devel-linux-x86_64-debian-clang 1.5 113.13 194.31 307.44 OK
r-devel-linux-x86_64-debian-gcc 1.5 91.92 155.94 247.86 OK
r-devel-linux-x86_64-fedora-clang 1.5 421.51 NOTE
r-devel-linux-x86_64-fedora-gcc 1.5 425.53 NOTE
r-devel-windows-ix86+x86_64 1.5 321.00 401.00 722.00 NOTE
r-patched-linux-x86_64 1.5 111.74 203.49 315.23 OK
r-patched-solaris-x86 1.5 358.60 WARN
r-release-linux-x86_64 1.5 111.24 202.63 313.87 OK
r-release-windows-ix86+x86_64 1.5 342.00 395.00 737.00 NOTE
r-release-osx-x86_64 1.5 WARN
r-oldrel-windows-ix86+x86_64 1.5 247.00 324.00 571.00 NOTE
r-oldrel-osx-x86_64 1.3 NOTE

Check Details

Version: 1.5
Check: installed package size
Result: NOTE
     installed size is 6.1Mb
     sub-directories of 1Mb or more:
     data 3.1Mb
     doc 1.8Mb
Flavors: r-devel-linux-x86_64-fedora-clang, r-devel-linux-x86_64-fedora-gcc, r-devel-windows-ix86+x86_64, r-patched-solaris-x86, r-release-windows-ix86+x86_64, r-release-osx-x86_64, r-oldrel-windows-ix86+x86_64

Version: 1.5
Check: re-building of vignette outputs
Result: WARN
    Error in re-building vignettes:
     ...
    Warning in engine$weave(file, quiet = quiet, encoding = enc) :
     Pandoc (>= 1.12.3) and/or pandoc-citeproc not available. Falling back to R Markdown v1.
    Loading required package: survival
    Quitting from lines 127-155 (hwbart.Rmd)
    Error: processing vignette 'hwbart.Rmd' failed with diagnostics:
    argument is of length zero
    Execution halted
Flavors: r-patched-solaris-x86, r-release-osx-x86_64

Version: 1.3
Check: installed package size
Result: NOTE
     installed size is 6.4Mb
     sub-directories of 1Mb or more:
     data 3.1Mb
     libs 2.7Mb
Flavor: r-oldrel-osx-x86_64