CRAN Package Check Results for Package BART

Last updated on 2018-05-22 15:48:20 CEST.

Flavor Version Tinstall Tcheck Ttotal Status Flags
r-devel-linux-x86_64-debian-clang 1.6 114.61 273.89 388.50 OK
r-devel-linux-x86_64-debian-gcc 1.6 90.35 228.68 319.03 OK
r-devel-linux-x86_64-fedora-clang 1.6 535.87 NOTE
r-devel-linux-x86_64-fedora-gcc 1.6 530.12 NOTE
r-devel-windows-ix86+x86_64 1.6 252.00 550.00 802.00 NOTE
r-patched-linux-x86_64 1.6 112.96 270.88 383.84 OK
r-patched-solaris-x86 1.6 361.50 WARN
r-release-linux-x86_64 1.6 126.10 270.52 396.62 OK
r-release-windows-ix86+x86_64 1.6 328.00 416.00 744.00 NOTE
r-release-osx-x86_64 1.6 WARN
r-oldrel-windows-ix86+x86_64 1.6 312.00 531.00 843.00 NOTE
r-oldrel-osx-x86_64 1.6 WARN

Check Details

Version: 1.6
Check: installed package size
Result: NOTE
     installed size is 6.7Mb
     sub-directories of 1Mb or more:
     data 3.1Mb
     doc 2.3Mb
Flavors: r-devel-linux-x86_64-fedora-clang, r-devel-linux-x86_64-fedora-gcc, r-devel-windows-ix86+x86_64, r-patched-solaris-x86, r-release-windows-ix86+x86_64, r-release-osx-x86_64, r-oldrel-windows-ix86+x86_64, r-oldrel-osx-x86_64

Version: 1.6
Check: re-building of vignette outputs
Result: WARN
    Error in re-building vignettes:
     ...
    Warning in engine$weave(file, quiet = quiet, encoding = enc) :
     Pandoc (>= 1.12.3) and/or pandoc-citeproc not available. Falling back to R Markdown v1.
    Loading required package: survival
    Quitting from lines 127-155 (hwbart.Rmd)
    Error: processing vignette 'hwbart.Rmd' failed with diagnostics:
    argument is of length zero
    Execution halted
Flavors: r-patched-solaris-x86, r-release-osx-x86_64, r-oldrel-osx-x86_64