CRAN Package Check Results for Package BAS

Last updated on 2018-08-15 18:47:46 CEST.

Flavor Version Tinstall Tcheck Ttotal Status Flags
r-devel-linux-x86_64-debian-clang 1.5.1 13.52 436.12 449.64 OK
r-devel-linux-x86_64-debian-gcc 1.5.1 11.51 80.28 91.79 WARN
r-devel-linux-x86_64-fedora-clang 1.5.1 503.14 OK
r-devel-linux-x86_64-fedora-gcc 1.5.1 498.76 OK
r-devel-windows-ix86+x86_64 1.5.1 57.00 394.00 451.00 OK
r-patched-linux-x86_64 1.5.1 12.53 408.70 421.23 OK
r-patched-solaris-x86 1.5.1 677.90 OK
r-release-linux-x86_64 1.5.1 13.62 416.96 430.58 OK
r-release-windows-ix86+x86_64 1.5.1 80.00 437.00 517.00 OK
r-release-osx-x86_64 1.5.1 OK
r-oldrel-windows-ix86+x86_64 1.5.1 68.00 557.00 625.00 OK
r-oldrel-osx-x86_64 1.5.1 OK

Check Details

Version: 1.5.1
Check: re-building of vignette outputs
Result: WARN
    Error in re-building vignettes:
     ...
    Quitting from lines 397-401 (BAS-vignette.Rmd)
    Error: processing vignette ‘BAS-vignette.Rmd’ failed with diagnostics:
    cannot open the connection to 'https://stat.duke.edu/sites/stat.duke.edu/files/climate.dat'
    Execution halted
Flavor: r-devel-linux-x86_64-debian-gcc