CRAN Package Check Results for Package BASS

Last updated on 2019-02-20 13:46:18 CET.

Flavor Version Tinstall Tcheck Ttotal Status Flags
r-devel-linux-x86_64-debian-clang 0.2.2 10.48 39.12 49.60 OK --no-vignettes
r-devel-linux-x86_64-debian-gcc 0.2.2 8.83 29.17 38.00 OK --no-vignettes
r-devel-linux-x86_64-fedora-clang 0.2.2 62.83 OK --no-vignettes
r-devel-linux-x86_64-fedora-gcc 0.2.2 56.80 OK --no-vignettes
r-devel-windows-ix86+x86_64 0.2.2 31.00 45.00 76.00 OK --no-vignettes
r-patched-linux-x86_64 0.2.2 OK --no-vignettes
r-patched-solaris-x86 0.2.2 2120.40 WARN
r-release-linux-x86_64 0.2.2 OK --no-vignettes
r-release-windows-ix86+x86_64 0.2.2 23.00 64.00 87.00 OK --no-vignettes
r-release-osx-x86_64 0.2.2 FAIL
r-oldrel-windows-ix86+x86_64 0.2.2 16.00 58.00 74.00 OK --no-vignettes
r-oldrel-osx-x86_64 0.2.2 FAIL

Check Details

Version: 0.2.2
Check: re-building of vignette outputs
Result: WARN
    Error in re-building vignettes:
     ...
    Warning in block_exec(params) :
     Failed to tidy R code in chunk 'unnamed-chunk-8'. Reason:
    Error in loadNamespace(name) : there is no package called 'formatR'
Flavor: r-patched-solaris-x86

Version: 0.2.2
Check: re-building of vignette outputs
Result: WARN
    Error in re-building vignettes:
     ...
    
    Execution halted
Flavor: r-release-osx-x86_64

Version: 0.2.2
Check: PDF version of manual
Result: FAIL
    
Flavors: r-release-osx-x86_64, r-oldrel-osx-x86_64

Version: 0.2.2
Check: re-building of vignette outputs
Result: WARN
    Error in re-building vignettes:
     ...
    Warning: running command 'kpsewhich framed.sty' had status 1
    Warning in test_latex_pkg("framed", system.file("misc", "framed.sty", package = "knitr")) :
     unable to find LaTeX package 'framed'; will use a copy from knitr
    
    Execution halted
Flavor: r-oldrel-osx-x86_64