CRAN Package Check Results for Package BASS

Last updated on 2018-05-23 06:46:33 CEST.

Flavor Version Tinstall Tcheck Ttotal Status Flags
r-devel-linux-x86_64-debian-clang 0.2.2 10.66 36.23 46.89 OK --no-vignettes
r-devel-linux-x86_64-debian-gcc 0.2.2 8.93 27.79 36.72 OK --no-vignettes
r-devel-linux-x86_64-fedora-clang 0.2.2 59.30 OK --no-vignettes
r-devel-linux-x86_64-fedora-gcc 0.2.2 59.26 OK --no-vignettes
r-devel-windows-ix86+x86_64 0.2.2 32.00 61.00 93.00 OK --no-vignettes
r-patched-linux-x86_64 0.2.2 10.22 35.27 45.49 OK --no-vignettes
r-patched-solaris-x86 0.2.2 1960.00 WARN
r-release-linux-x86_64 0.2.2 9.23 35.24 44.47 OK --no-vignettes
r-release-windows-ix86+x86_64 0.2.2 32.00 50.00 82.00 OK --no-vignettes
r-release-osx-x86_64 0.2.2 FAIL
r-oldrel-windows-ix86+x86_64 0.2.2 29.00 59.00 88.00 OK --no-vignettes
r-oldrel-osx-x86_64 0.2.2 FAIL

Check Details

Version: 0.2.2
Check: re-building of vignette outputs
Result: WARN
    Error in re-building vignettes:
     ...
    Warning in block_exec(params) :
     failed to tidy R code in chunk <unnamed-chunk-8>
    reason: Error in loadNamespace(name) : there is no package called 'formatR'
Flavor: r-patched-solaris-x86

Version: 0.2.2
Check: re-building of vignette outputs
Result: WARN
    Error in re-building vignettes:
     ...
    
    Execution halted
Flavor: r-release-osx-x86_64

Version: 0.2.2
Check: PDF version of manual
Result: FAIL
    
Flavors: r-release-osx-x86_64, r-oldrel-osx-x86_64

Version: 0.2.2
Check: re-building of vignette outputs
Result: WARN
    Error in re-building vignettes:
     ...
    Warning: running command 'kpsewhich framed.sty' had status 1
    Warning in test_latex_pkg("framed", system.file("misc", "framed.sty", package = "knitr")) :
     unable to find LaTeX package 'framed'; will use a copy from knitr
    
    Execution halted
Flavor: r-oldrel-osx-x86_64