CRAN Package Check Results for Package BASS

Last updated on 2018-11-20 19:47:35 CET.

Flavor Version Tinstall Tcheck Ttotal Status Flags
r-devel-linux-x86_64-debian-clang 0.2.2 11.40 37.79 49.19 OK --no-vignettes
r-devel-linux-x86_64-debian-gcc 0.2.2 8.25 29.19 37.44 OK --no-vignettes
r-devel-linux-x86_64-fedora-clang 0.2.2 58.00 OK --no-vignettes
r-devel-linux-x86_64-fedora-gcc 0.2.2 61.44 OK --no-vignettes
r-devel-windows-ix86+x86_64 0.2.2 31.00 45.00 76.00 OK --no-vignettes
r-patched-linux-x86_64 0.2.2 9.87 36.08 45.95 OK --no-vignettes
r-patched-solaris-x86 0.2.2 1959.10 WARN
r-release-linux-x86_64 0.2.2 9.41 35.97 45.38 OK --no-vignettes
r-release-windows-ix86+x86_64 0.2.2 23.00 70.00 93.00 OK --no-vignettes
r-release-osx-x86_64 0.2.2 FAIL
r-oldrel-windows-ix86+x86_64 0.2.2 26.00 69.00 95.00 OK --no-vignettes
r-oldrel-osx-x86_64 0.2.2 FAIL

Check Details

Version: 0.2.2
Check: re-building of vignette outputs
Result: WARN
    Error in re-building vignettes:
     ...
    Warning in block_exec(params) :
     failed to tidy R code in chunk <unnamed-chunk-8>
    reason: Error in loadNamespace(name) : there is no package called 'formatR'
Flavor: r-patched-solaris-x86

Version: 0.2.2
Check: re-building of vignette outputs
Result: WARN
    Error in re-building vignettes:
     ...
    
    Execution halted
Flavor: r-release-osx-x86_64

Version: 0.2.2
Check: PDF version of manual
Result: FAIL
    
Flavors: r-release-osx-x86_64, r-oldrel-osx-x86_64

Version: 0.2.2
Check: re-building of vignette outputs
Result: WARN
    Error in re-building vignettes:
     ...
    Warning: running command 'kpsewhich framed.sty' had status 1
    Warning in test_latex_pkg("framed", system.file("misc", "framed.sty", package = "knitr")) :
     unable to find LaTeX package 'framed'; will use a copy from knitr
    
    Execution halted
Flavor: r-oldrel-osx-x86_64