CRAN Package Check Results for Package BASS

Last updated on 2018-02-22 15:49:01 CET.

Flavor Version Tinstall Tcheck Ttotal Status Flags
r-devel-linux-x86_64-debian-clang 0.2.2 9.50 32.98 42.48 OK --no-vignettes
r-devel-linux-x86_64-debian-gcc 0.2.2 8.60 26.84 35.44 OK --no-vignettes
r-devel-linux-x86_64-fedora-clang 0.2.2 57.38 OK --no-vignettes
r-devel-linux-x86_64-fedora-gcc 0.2.2 53.71 OK --no-vignettes
r-devel-windows-ix86+x86_64 0.2.2 34.00 56.00 90.00 OK --no-vignettes
r-patched-linux-x86_64 0.2.2 5.48 35.52 41.00 OK --no-vignettes
r-patched-solaris-x86 0.2.2 1970.70 WARN
r-release-linux-x86_64 0.2.2 5.43 35.60 41.03 OK --no-vignettes
r-release-windows-ix86+x86_64 0.2.2 32.00 39.00 71.00 OK --no-vignettes
r-release-osx-x86_64 0.2.2 FAIL
r-oldrel-windows-ix86+x86_64 0.2.2 20.00 61.00 81.00 OK --no-vignettes
r-oldrel-osx-x86_64 0.2.2 WARN

Check Details

Version: 0.2.2
Check: re-building of vignette outputs
Result: WARN
    Error in re-building vignettes:
     ...
Flavor: r-patched-solaris-x86

Version: 0.2.2
Check: re-building of vignette outputs
Result: WARN
    Error in re-building vignettes:
     ...
    Warning: running command 'kpsewhich framed.sty' had status 1
    Warning in test_latex_pkg("framed", system.file("misc", "framed.sty", package = "knitr")) :
     unable to find LaTeX package 'framed'; will use a copy from knitr
    
    Execution halted
Flavor: r-release-osx-x86_64

Version: 0.2.2
Check: PDF version of manual
Result: FAIL
    
Flavor: r-release-osx-x86_64

Version: 0.2.2
Check: re-building of vignette outputs
Result: WARN
    Error in re-building vignettes:
     ...
    Quitting from lines 8-9 (./child/ex5-2.Rnw)
    Quitting from lines 44-44 (./child/ex5-2.Rnw)
    Error: processing vignette 'article2-vignette.Rnw' failed with diagnostics:
    cannot open connection
    Execution halted
Flavor: r-oldrel-osx-x86_64