CRAN Package Check Results for Package BASS

Last updated on 2018-08-22 06:46:38 CEST.

Flavor Version Tinstall Tcheck Ttotal Status Flags
r-devel-linux-x86_64-debian-clang 0.2.2 9.86 37.89 47.75 OK --no-vignettes
r-devel-linux-x86_64-debian-gcc 0.2.2 9.16 29.24 38.40 OK --no-vignettes
r-devel-linux-x86_64-fedora-clang 0.2.2 58.33 OK --no-vignettes
r-devel-linux-x86_64-fedora-gcc 0.2.2 58.76 OK --no-vignettes
r-devel-windows-ix86+x86_64 0.2.2 23.00 50.00 73.00 OK --no-vignettes
r-patched-linux-x86_64 0.2.2 9.18 35.66 44.84 OK --no-vignettes
r-patched-solaris-x86 0.2.2 2003.60 WARN
r-release-linux-x86_64 0.2.2 10.30 35.39 45.69 OK --no-vignettes
r-release-windows-ix86+x86_64 0.2.2 31.00 48.00 79.00 OK --no-vignettes
r-release-osx-x86_64 0.2.2 FAIL
r-oldrel-windows-ix86+x86_64 0.2.2 20.00 55.00 75.00 OK --no-vignettes
r-oldrel-osx-x86_64 0.2.2 FAIL

Check Details

Version: 0.2.2
Check: re-building of vignette outputs
Result: WARN
    Error in re-building vignettes:
     ...
    Warning in block_exec(params) :
     failed to tidy R code in chunk <unnamed-chunk-8>
    reason: Error in loadNamespace(name) : there is no package called 'formatR'
Flavor: r-patched-solaris-x86

Version: 0.2.2
Check: re-building of vignette outputs
Result: WARN
    Error in re-building vignettes:
     ...
    
    Execution halted
Flavor: r-release-osx-x86_64

Version: 0.2.2
Check: PDF version of manual
Result: FAIL
    
Flavors: r-release-osx-x86_64, r-oldrel-osx-x86_64

Version: 0.2.2
Check: re-building of vignette outputs
Result: WARN
    Error in re-building vignettes:
     ...
    Warning: running command 'kpsewhich framed.sty' had status 1
    Warning in test_latex_pkg("framed", system.file("misc", "framed.sty", package = "knitr")) :
     unable to find LaTeX package 'framed'; will use a copy from knitr
    
    Execution halted
Flavor: r-oldrel-osx-x86_64